CRAN Package Check Results for Package genetics

Last updated on 2020-04-04 03:51:19 CEST.

Flavor Version Tinstall Tcheck Ttotal Status Flags
r-devel-linux-x86_64-debian-clang 1.3.8.1.2 6.74 67.62 74.36 NOTE
r-devel-linux-x86_64-debian-gcc 1.3.8.1.2 4.28 50.48 54.76 NOTE
r-devel-linux-x86_64-fedora-clang 1.3.8.1.2 89.40 NOTE
r-devel-linux-x86_64-fedora-gcc 1.3.8.1.2 86.18 NOTE
r-devel-windows-ix86+x86_64 1.3.8.1.2 10.00 69.00 79.00 OK
r-devel-windows-ix86+x86_64-gcc8 1.3.8.1.2 10.00 68.00 78.00 OK
r-patched-linux-x86_64 1.3.8.1.2 6.14 64.15 70.29 NOTE
r-patched-solaris-x86 1.3.8.1.2 106.90 NOTE
r-release-linux-x86_64 1.3.8.1.2 5.13 59.81 64.94 NOTE
r-release-windows-ix86+x86_64 1.3.8.1.2 10.00 100.00 110.00 OK
r-release-osx-x86_64 1.3.8.1.2 NOTE
r-oldrel-windows-ix86+x86_64 1.3.8.1.2 10.00 68.00 78.00 OK
r-oldrel-osx-x86_64 1.3.8.1.2 NOTE

Check Details

Version: 1.3.8.1.2
Check: Rd cross-references
Result: NOTE
    Package unavailable to check Rd xrefs: 'GeneticsDesign'
Flavors: r-devel-linux-x86_64-debian-clang, r-devel-linux-x86_64-debian-gcc, r-devel-linux-x86_64-fedora-clang, r-devel-linux-x86_64-fedora-gcc, r-patched-linux-x86_64, r-patched-solaris-x86, r-release-linux-x86_64, r-release-osx-x86_64, r-oldrel-osx-x86_64

Version: 1.3.8.1.2
Check: Rd \usage sections
Result: NOTE
    S3 methods shown with full name in documentation object 'diseq':
     ‘diseq.ci’
    
    The \usage entries for S3 methods should use the \method markup and not
    their full name.
    See chapter ‘Writing R documentation files’ in the ‘Writing R
    Extensions’ manual.
Flavor: r-oldrel-osx-x86_64