CRAN Package Check Results for Package geoelectrics

Last updated on 2019-12-05 14:48:45 CET.

Flavor Version Tinstall Tcheck Ttotal Status Flags
r-devel-linux-x86_64-debian-clang 0.2.0 8.06 69.75 77.81 OK
r-devel-linux-x86_64-debian-gcc 0.2.0 6.30 54.59 60.89 OK
r-devel-linux-x86_64-fedora-clang 0.2.0 87.76 OK
r-devel-linux-x86_64-fedora-gcc 0.2.0 89.49 OK
r-devel-windows-ix86+x86_64 0.2.0 18.00 124.00 142.00 OK
r-devel-windows-ix86+x86_64-gcc8 0.2.0 24.00 86.00 110.00 OK
r-patched-linux-x86_64 0.2.0 9.00 64.01 73.01 OK
r-patched-solaris-x86 0.2.0 133.50 OK
r-release-linux-x86_64 0.2.0 8.50 63.80 72.30 OK
r-release-windows-ix86+x86_64 0.2.0 20.00 85.00 105.00 OK
r-release-osx-x86_64 0.2.0 WARN
r-oldrel-windows-ix86+x86_64 0.2.0 11.00 111.00 122.00 OK
r-oldrel-osx-x86_64 0.2.0 WARN

Check Details

Version: 0.2.0
Check: whether package can be installed
Result: WARN
    Found the following significant warnings:
     Warning: 'rgl_init' failed, running with rgl.useNULL = TRUE
Flavors: r-release-osx-x86_64, r-oldrel-osx-x86_64

Version: 0.2.0
Check: contents of ‘data’ directory
Result: WARN
    Output for data("sinkhole", package = "geoelectrics"):
     Warning messages:
     1: In rgl.init(initValue, onlyNULL) : RGL: unable to open X11 display
     2: 'rgl_init' failed, running with rgl.useNULL = TRUE
Flavor: r-release-osx-x86_64