CRAN Package Check Results for Package geoelectrics

Last updated on 2020-07-08 15:47:56 CEST.

Flavor Version Tinstall Tcheck Ttotal Status Flags
r-devel-linux-x86_64-debian-clang 0.2.0 8.72 76.55 85.27 OK
r-devel-linux-x86_64-debian-gcc 0.2.0 6.16 61.21 67.37 OK
r-devel-linux-x86_64-fedora-clang 0.2.0 111.21 OK
r-devel-linux-x86_64-fedora-gcc 0.2.0 100.90 OK
r-devel-windows-ix86+x86_64 0.2.0 20.00 97.00 117.00 OK
r-patched-linux-x86_64 0.2.0 8.66 76.44 85.10 OK
r-patched-solaris-x86 0.2.0 141.70 OK
r-release-linux-x86_64 0.2.0 8.78 77.14 85.92 OK
r-release-osx-x86_64 0.2.0 OK
r-release-windows-ix86+x86_64 0.2.0 20.00 124.00 144.00 OK
r-oldrel-osx-x86_64 0.2.0 WARN
r-oldrel-windows-ix86+x86_64 0.2.0 29.00 114.00 143.00 OK

Check Details

Version: 0.2.0
Check: whether package can be installed
Result: WARN
    Found the following significant warnings:
     Warning: 'rgl_init' failed, running with rgl.useNULL = TRUE
Flavor: r-oldrel-osx-x86_64

Version: 0.2.0
Check: contents of ‘data’ directory
Result: WARN
    Output for data("sinkhole", package = "geoelectrics"):
     Warning messages:
     1: In rgl.init(initValue, onlyNULL) : RGL: unable to open X11 display
     2: 'rgl_init' failed, running with rgl.useNULL = TRUE
Flavor: r-oldrel-osx-x86_64