CRAN Package Check Results for Package geojsonsf

Last updated on 2020-10-23 03:48:43 CEST.

Flavor Version Tinstall Tcheck Ttotal Status Flags
r-devel-linux-x86_64-debian-clang 2.0.1 90.32 31.24 121.56 OK
r-devel-linux-x86_64-debian-gcc 2.0.1 78.49 24.24 102.73 OK
r-devel-linux-x86_64-fedora-clang 2.0.1 191.14 NOTE
r-devel-linux-x86_64-fedora-gcc 2.0.1 172.07 OK
r-devel-windows-ix86+x86_64 2.0.1 207.00 81.00 288.00 OK
r-patched-linux-x86_64 2.0.1 90.76 29.99 120.75 OK
r-patched-solaris-x86 2.0.1 146.50 OK
r-release-linux-x86_64 2.0.1 86.24 29.96 116.20 OK
r-release-macos-x86_64 2.0.1 NOTE
r-release-windows-ix86+x86_64 2.0.1 154.00 62.00 216.00 OK
r-oldrel-macos-x86_64 2.0.1 NOTE
r-oldrel-windows-ix86+x86_64 2.0.1 193.00 72.00 265.00 OK

Check Details

Version: 2.0.1
Check: installed package size
Result: NOTE
     installed size is 9.5Mb
     sub-directories of 1Mb or more:
     help 1.3Mb
     libs 7.4Mb
Flavors: r-devel-linux-x86_64-fedora-clang, r-release-macos-x86_64, r-oldrel-macos-x86_64