CRAN Package Check Results for Package geometa

Last updated on 2020-09-29 03:48:22 CEST.

Flavor Version Tinstall Tcheck Ttotal Status Flags
r-devel-linux-x86_64-debian-clang 0.6-3 212.47 244.25 456.72 OK
r-devel-linux-x86_64-debian-gcc 0.6-3 182.86 182.24 365.10 OK
r-devel-linux-x86_64-fedora-clang 0.6-3 615.88 NOTE
r-devel-linux-x86_64-fedora-gcc 0.6-3 595.66 OK
r-devel-windows-ix86+x86_64 0.6-3 408.00 629.00 1037.00 NOTE
r-patched-linux-x86_64 0.6-3 201.75 228.40 430.15 OK
r-patched-solaris-x86 0.6-3 647.70 NOTE
r-release-linux-x86_64 0.6-3 209.63 232.83 442.46 OK
r-release-macos-x86_64 0.6-3 NOTE
r-release-windows-ix86+x86_64 0.6-3 418.00 634.00 1052.00 NOTE
r-oldrel-macos-x86_64 0.6-3 NOTE
r-oldrel-windows-ix86+x86_64 0.6-3 377.00 641.00 1018.00 NOTE

Check Details

Version: 0.6-3
Check: installed package size
Result: NOTE
     installed size is 11.6Mb
     sub-directories of 1Mb or more:
     R 8.9Mb
     extdata 1.7Mb
Flavors: r-devel-linux-x86_64-fedora-clang, r-devel-windows-ix86+x86_64, r-patched-solaris-x86, r-release-macos-x86_64, r-release-windows-ix86+x86_64, r-oldrel-macos-x86_64, r-oldrel-windows-ix86+x86_64