CRAN Package Check Results for Package geospt

Last updated on 2020-07-14 03:47:47 CEST.

Flavor Version Tinstall Tcheck Ttotal Status Flags
r-devel-linux-x86_64-debian-clang 1.0-2 8.99 96.91 105.90 OK
r-devel-linux-x86_64-debian-gcc 1.0-2 7.26 72.75 80.01 OK
r-devel-linux-x86_64-fedora-clang 1.0-2 133.04 NOTE
r-devel-linux-x86_64-fedora-gcc 1.0-2 128.93 OK
r-devel-windows-ix86+x86_64 1.0-2 17.00 136.00 153.00 OK
r-patched-linux-x86_64 1.0-2 8.88 94.90 103.78 OK
r-patched-solaris-x86 1.0-2 169.40 OK
r-release-linux-x86_64 1.0-2 8.74 96.77 105.51 OK
r-release-macos-x86_64 1.0-2 ERROR
r-release-windows-ix86+x86_64 1.0-2 28.00 101.00 129.00 OK
r-oldrel-macos-x86_64 1.0-2 OK
r-oldrel-windows-ix86+x86_64 1.0-2 21.00 135.00 156.00 OK

Check Details

Version: 1.0-2
Check: Rd cross-references
Result: NOTE
    Undeclared package ‘nloptr’ in Rd xrefs
Flavor: r-devel-linux-x86_64-fedora-clang

Version: 1.0-2
Check: whether package can be installed
Result: ERROR
    Installation failed.
Flavor: r-release-macos-x86_64