CRAN Package Check Results for Package ggExtra

Last updated on 2020-02-19 16:48:05 CET.

Flavor Version Tinstall Tcheck Ttotal Status Flags
r-devel-linux-x86_64-debian-clang 0.9 4.82 48.36 53.18 OK
r-devel-linux-x86_64-debian-gcc 0.9 4.98 36.10 41.08 OK
r-devel-linux-x86_64-fedora-clang 0.9 66.60 NOTE
r-devel-linux-x86_64-fedora-gcc 0.9 61.99 NOTE
r-devel-windows-ix86+x86_64 0.9 10.00 62.00 72.00 OK
r-devel-windows-ix86+x86_64-gcc8 0.9 22.00 91.00 113.00 OK
r-patched-linux-x86_64 0.9 4.51 42.18 46.69 OK
r-patched-solaris-x86 0.9 85.30 NOTE
r-release-linux-x86_64 0.9 4.36 41.84 46.20 OK
r-release-windows-ix86+x86_64 0.9 9.00 64.00 73.00 OK
r-release-osx-x86_64 0.9 NOTE
r-oldrel-windows-ix86+x86_64 0.9 7.00 57.00 64.00 OK
r-oldrel-osx-x86_64 0.9 NOTE

Check Details

Version: 0.9
Check: dependencies in R code
Result: NOTE
    Namespaces in Imports field not imported from:
     ‘R6’ ‘grDevices’ ‘scales’ ‘utils’
     All declared Imports should be used.
Flavors: r-devel-linux-x86_64-fedora-clang, r-devel-linux-x86_64-fedora-gcc, r-patched-solaris-x86, r-release-osx-x86_64, r-oldrel-osx-x86_64