CRAN Package Check Results for Package ggalt

Last updated on 2019-09-23 03:48:58 CEST.

Flavor Version Tinstall Tcheck Ttotal Status Flags
r-devel-linux-x86_64-debian-clang 0.4.0 7.82 94.59 102.41 OK
r-devel-linux-x86_64-debian-gcc 0.4.0 6.25 70.55 76.80 OK
r-devel-linux-x86_64-fedora-clang 0.4.0 117.75 NOTE
r-devel-linux-x86_64-fedora-gcc 0.4.0 117.09 NOTE
r-devel-windows-ix86+x86_64 0.4.0 39.00 159.00 198.00 OK
r-patched-linux-x86_64 0.4.0 6.72 89.17 95.89 OK
r-patched-solaris-x86 0.4.0 159.30 NOTE
r-release-linux-x86_64 0.4.0 7.52 89.78 97.30 OK
r-release-windows-ix86+x86_64 0.4.0 36.00 153.00 189.00 OK
r-release-osx-x86_64 0.4.0 NOTE
r-oldrel-windows-ix86+x86_64 0.4.0 10.00 96.00 106.00 OK
r-oldrel-osx-x86_64 0.4.0 NOTE

Check Details

Version: 0.4.0
Check: dependencies in R code
Result: NOTE
    Namespace in Imports field not imported from: ‘plotly’
     All declared Imports should be used.
Flavors: r-devel-linux-x86_64-fedora-clang, r-devel-linux-x86_64-fedora-gcc, r-patched-solaris-x86, r-release-osx-x86_64, r-oldrel-osx-x86_64