CRAN Package Check Results for Package ggalt

Last updated on 2020-02-20 20:48:25 CET.

Flavor Version Tinstall Tcheck Ttotal Status Flags
r-devel-linux-x86_64-debian-clang 0.4.0 9.72 103.73 113.45 OK
r-devel-linux-x86_64-debian-gcc 0.4.0 6.90 77.38 84.28 OK
r-devel-linux-x86_64-fedora-clang 0.4.0 131.25 NOTE
r-devel-linux-x86_64-fedora-gcc 0.4.0 129.26 NOTE
r-devel-windows-ix86+x86_64 0.4.0 17.00 116.00 133.00 OK
r-devel-windows-ix86+x86_64-gcc8 0.4.0 32.00 174.00 206.00 OK
r-patched-linux-x86_64 0.4.0 7.52 92.46 99.98 OK
r-patched-solaris-x86 0.4.0 165.90 NOTE
r-release-linux-x86_64 0.4.0 7.70 92.45 100.15 OK
r-release-windows-ix86+x86_64 0.4.0 16.00 114.00 130.00 OK
r-release-osx-x86_64 0.4.0 NOTE
r-oldrel-windows-ix86+x86_64 0.4.0 9.00 106.00 115.00 OK
r-oldrel-osx-x86_64 0.4.0 NOTE

Check Details

Version: 0.4.0
Check: dependencies in R code
Result: NOTE
    Namespace in Imports field not imported from: ‘plotly’
     All declared Imports should be used.
Flavors: r-devel-linux-x86_64-fedora-clang, r-devel-linux-x86_64-fedora-gcc, r-patched-solaris-x86, r-release-osx-x86_64, r-oldrel-osx-x86_64