CRAN Package Check Results for Package ggiraphExtra

Last updated on 2020-10-23 03:48:43 CEST.

Flavor Version Tinstall Tcheck Ttotal Status Flags
r-devel-linux-x86_64-debian-clang 0.3.0 15.72 204.04 219.76 OK
r-devel-linux-x86_64-debian-gcc 0.3.0 13.00 147.52 160.52 OK
r-devel-linux-x86_64-fedora-clang 0.3.0 257.20 OK
r-devel-linux-x86_64-fedora-gcc 0.3.0 263.53 OK
r-devel-windows-ix86+x86_64 0.3.0 34.00 218.00 252.00 OK
r-patched-linux-x86_64 0.3.0 15.44 184.75 200.19 OK
r-patched-solaris-x86 0.3.0 319.10 WARN
r-release-linux-x86_64 0.3.0 13.58 185.74 199.32 OK
r-release-macos-x86_64 0.3.0 WARN
r-release-windows-ix86+x86_64 0.3.0 43.00 166.00 209.00 OK
r-oldrel-macos-x86_64 0.3.0 WARN
r-oldrel-windows-ix86+x86_64 0.3.0 28.00 229.00 257.00 OK

Check Details

Version: 0.3.0
Check: re-building of vignette outputs
Result: WARN
    Error(s) in re-building vignettes:
     ...
    --- re-building ‘ggPredict.Rmd’ using rmarkdown
    Warning in engine$weave(file, quiet = quiet, encoding = enc) :
     Pandoc (>= 1.12.3) and/or pandoc-citeproc not available. Falling back to R Markdown v1.
    Loading required package: ggplot2
    `geom_smooth()` using formula 'y ~ x'
    Loading required package: ggiraph
    Loading required package: ggiraphExtra
    
    Attaching package: 'ggiraphExtra'
    
    The following objects are masked from 'package:moonBook':
    
     addLabelDf, getMapping
    
    Loading required package: plyr
    PhantomJS not found. You can install it with webshot::install_phantomjs(). If it is installed, please make sure the phantomjs executable can be found via the PATH variable.
    Quitting from lines 45-49 (ggPredict.Rmd)
    Error: processing vignette 'ggPredict.Rmd' failed with diagnostics:
    cannot open the connection
    --- failed re-building ‘ggPredict.Rmd’
    
    --- re-building ‘introduction.Rmd’ using rmarkdown
    Warning in engine$weave(file, quiet = quiet, encoding = enc) :
     Pandoc (>= 1.12.3) and/or pandoc-citeproc not available. Falling back to R Markdown v1.
    Loading required package: ggplot2
    Loading required package: ggiraph
    Loading required package: ggiraphExtra
    PhantomJS not found. You can install it with webshot::install_phantomjs(). If it is installed, please make sure the phantomjs executable can be found via the PATH variable.
    Warning in normalizePath(f2) :
     path[1]="webshot15a262cf63cd.png": No such file or directory
    Warning in file(con, "rb") :
     cannot open file 'webshot15a262cf63cd.png': No such file or directory
    Quitting from lines 28-33 (introduction.Rmd)
    Error: processing vignette 'introduction.Rmd' failed with diagnostics:
    cannot open the connection
    --- failed re-building ‘introduction.Rmd’
    
    SUMMARY: processing the following files failed:
     ‘ggPredict.Rmd’ ‘introduction.Rmd’
    
    Error: Vignette re-building failed.
    Execution halted
Flavor: r-patched-solaris-x86

Version: 0.3.0
Check: re-building of vignette outputs
Result: WARN
    Error(s) in re-building vignettes:
    --- re-building ‘ggPredict.Rmd’ using rmarkdown
    Warning in engine$weave(file, quiet = quiet, encoding = enc) :
     Pandoc (>= 1.12.3) and/or pandoc-citeproc not available. Falling back to R Markdown v1.
    Loading required package: ggplot2
    `geom_smooth()` using formula 'y ~ x'
    Loading required package: ggiraph
    Loading required package: ggiraphExtra
    
    Attaching package: 'ggiraphExtra'
    
    The following objects are masked from 'package:moonBook':
    
     addLabelDf, getMapping
    
    Loading required package: plyr
    PhantomJS not found. You can install it with webshot::install_phantomjs(). If it is installed, please make sure the phantomjs executable can be found via the PATH variable.
    Quitting from lines 45-49 (ggPredict.Rmd)
    Error: processing vignette 'ggPredict.Rmd' failed with diagnostics:
    cannot open the connection
    --- failed re-building ‘ggPredict.Rmd’
    
    --- re-building ‘introduction.Rmd’ using rmarkdown
    Warning in engine$weave(file, quiet = quiet, encoding = enc) :
     Pandoc (>= 1.12.3) and/or pandoc-citeproc not available. Falling back to R Markdown v1.
    Loading required package: ggplot2
    Loading required package: ggiraph
    Loading required package: ggiraphExtra
    PhantomJS not found. You can install it with webshot::install_phantomjs(). If it is installed, please make sure the phantomjs executable can be found via the PATH variable.
    Warning in normalizePath(f2) :
     path[1]="webshotf75d53bfa25a.png": No such file or directory
    Warning in file(con, "rb") :
     cannot open file 'webshotf75d53bfa25a.png': No such file or directory
    Quitting from lines 28-33 (introduction.Rmd)
    Error: processing vignette 'introduction.Rmd' failed with diagnostics:
    cannot open the connection
    --- failed re-building ‘introduction.Rmd’
    
    SUMMARY: processing the following files failed:
     ‘ggPredict.Rmd’ ‘introduction.Rmd’
    
    Error: Vignette re-building failed.
    Execution halted
Flavor: r-release-macos-x86_64

Version: 0.3.0
Check: re-building of vignette outputs
Result: WARN
    Error(s) in re-building vignettes:
    --- re-building ‘ggPredict.Rmd’ using rmarkdown
    Warning in engine$weave(file, quiet = quiet, encoding = enc) :
     Pandoc (>= 1.12.3) and/or pandoc-citeproc not available. Falling back to R Markdown v1.
    Loading required package: ggplot2
    `geom_smooth()` using formula 'y ~ x'
    Loading required package: ggiraph
    Loading required package: ggiraphExtra
    
    Attaching package: 'ggiraphExtra'
    
    The following objects are masked from 'package:moonBook':
    
     addLabelDf, getMapping
    
    Loading required package: plyr
    PhantomJS not found. You can install it with webshot::install_phantomjs(). If it is installed, please make sure the phantomjs executable can be found via the PATH variable.
    Quitting from lines 45-49 (ggPredict.Rmd)
    Error: processing vignette 'ggPredict.Rmd' failed with diagnostics:
    cannot open the connection
    --- failed re-building ‘ggPredict.Rmd’
    
    --- re-building ‘introduction.Rmd’ using rmarkdown
    Warning in engine$weave(file, quiet = quiet, encoding = enc) :
     Pandoc (>= 1.12.3) and/or pandoc-citeproc not available. Falling back to R Markdown v1.
    Loading required package: ggplot2
    Loading required package: ggiraph
    Loading required package: ggiraphExtra
    PhantomJS not found. You can install it with webshot::install_phantomjs(). If it is installed, please make sure the phantomjs executable can be found via the PATH variable.
    Warning in normalizePath(f2) :
     path[1]="webshot16532dc45e82.png": No such file or directory
    Warning in file(con, "rb") :
     cannot open file 'webshot16532dc45e82.png': No such file or directory
    Quitting from lines 28-33 (introduction.Rmd)
    Error: processing vignette 'introduction.Rmd' failed with diagnostics:
    cannot open the connection
    --- failed re-building ‘introduction.Rmd’
    
    SUMMARY: processing the following files failed:
     ‘ggPredict.Rmd’ ‘introduction.Rmd’
    
    Error: Vignette re-building failed.
    Execution halted
Flavor: r-oldrel-macos-x86_64