CRAN Package Check Results for Package ggparty

Last updated on 2020-04-05 03:47:40 CEST.

Flavor Version Tinstall Tcheck Ttotal Status Flags
r-devel-linux-x86_64-debian-clang 1.0.0 10.92 230.90 241.82 OK
r-devel-linux-x86_64-debian-gcc 1.0.0 9.02 165.65 174.67 OK
r-devel-linux-x86_64-fedora-clang 1.0.0 278.27 NOTE
r-devel-linux-x86_64-fedora-gcc 1.0.0 277.34 NOTE
r-devel-windows-ix86+x86_64 1.0.0 20.00 210.00 230.00 OK
r-devel-windows-ix86+x86_64-gcc8 1.0.0 21.00 201.00 222.00 OK
r-patched-linux-x86_64 1.0.0 10.12 215.48 225.60 OK
r-patched-solaris-x86 1.0.0 350.20 NOTE
r-release-linux-x86_64 1.0.0 8.89 207.40 216.29 OK
r-release-windows-ix86+x86_64 1.0.0 21.00 324.00 345.00 OK
r-release-osx-x86_64 1.0.0 NOTE
r-oldrel-windows-ix86+x86_64 1.0.0 16.00 241.00 257.00 OK
r-oldrel-osx-x86_64 1.0.0 NOTE

Check Details

Version: 1.0.0
Check: dependencies in R code
Result: NOTE
    Namespace in Imports field not imported from: ‘survival’
     All declared Imports should be used.
Flavors: r-devel-linux-x86_64-fedora-clang, r-devel-linux-x86_64-fedora-gcc, r-patched-solaris-x86, r-release-osx-x86_64, r-oldrel-osx-x86_64