CRAN Package Check Results for Package glmaag

Last updated on 2020-05-27 03:48:33 CEST.

Flavor Version Tinstall Tcheck Ttotal Status Flags
r-devel-linux-x86_64-debian-clang 0.0.6 213.33 131.12 344.45 NOTE
r-devel-linux-x86_64-debian-gcc 0.0.6 134.40 99.86 234.26 NOTE
r-devel-linux-x86_64-fedora-clang 0.0.6 457.28 NOTE
r-devel-linux-x86_64-fedora-gcc 0.0.6 413.34 OK
r-devel-windows-ix86+x86_64 0.0.6 472.00 273.00 745.00 NOTE
r-patched-linux-x86_64 0.0.6 136.89 127.25 264.14 NOTE
r-patched-solaris-x86 0.0.6 429.20 OK
r-release-linux-x86_64 0.0.6 139.36 128.38 267.74 NOTE
r-release-osx-x86_64 0.0.6 NOTE
r-release-windows-ix86+x86_64 0.0.6 373.00 292.00 665.00 NOTE
r-oldrel-osx-x86_64 0.0.6 NOTE
r-oldrel-windows-ix86+x86_64 0.0.6 324.00 196.00 520.00 OK

Check Details

Version: 0.0.6
Check: package vignettes
Result: NOTE
    Package vignette with placeholder title 'Vignette Title':
     'glmaag.Rmd'
Flavors: r-devel-linux-x86_64-debian-clang, r-devel-linux-x86_64-debian-gcc, r-devel-windows-ix86+x86_64, r-patched-linux-x86_64, r-release-linux-x86_64, r-release-windows-ix86+x86_64

Version: 0.0.6
Check: installed package size
Result: NOTE
     installed size is 16.4Mb
     sub-directories of 1Mb or more:
     libs 16.1Mb
Flavors: r-devel-linux-x86_64-fedora-clang, r-release-osx-x86_64, r-oldrel-osx-x86_64