CRAN Package Check Results for Package glmaag

Last updated on 2019-10-21 03:47:41 CEST.

Flavor Version Tinstall Tcheck Ttotal Status Flags
r-devel-linux-x86_64-debian-clang 0.0.6 197.76 107.02 304.78 NOTE
r-devel-linux-x86_64-debian-gcc 0.0.6 137.13 82.90 220.03 NOTE
r-devel-linux-x86_64-fedora-clang 0.0.6 406.19 NOTE
r-devel-linux-x86_64-fedora-gcc 0.0.6 375.67 OK
r-devel-windows-ix86+x86_64 0.0.6 286.00 248.00 534.00 NOTE
r-patched-linux-x86_64 0.0.6 141.34 102.99 244.33 OK
r-patched-solaris-x86 0.0.6 376.10 OK
r-release-linux-x86_64 0.0.6 134.79 104.57 239.36 OK
r-release-windows-ix86+x86_64 0.0.6 403.00 170.00 573.00 OK
r-release-osx-x86_64 0.0.6 NOTE
r-oldrel-osx-x86_64 0.0.6 ERROR

Check Details

Version: 0.0.6
Check: package vignettes
Result: NOTE
    Package vignette with placeholder title 'Vignette Title':
     'glmaag.Rmd'
Flavors: r-devel-linux-x86_64-debian-clang, r-devel-linux-x86_64-debian-gcc, r-devel-windows-ix86+x86_64

Version: 0.0.6
Check: installed package size
Result: NOTE
     installed size is 14.7Mb
     sub-directories of 1Mb or more:
     libs 14.4Mb
Flavors: r-devel-linux-x86_64-fedora-clang, r-release-osx-x86_64

Version: 0.0.6
Check: whether package can be installed
Result: ERROR
    Installation failed.
Flavor: r-oldrel-osx-x86_64