CRAN Package Check Results for Package goeveg

Last updated on 2020-09-25 03:48:18 CEST.

Flavor Version Tinstall Tcheck Ttotal Status Flags
r-devel-linux-x86_64-debian-clang 0.4.2 14.99 126.76 141.75 OK
r-devel-linux-x86_64-debian-gcc 0.4.2 12.45 92.86 105.31 OK
r-devel-linux-x86_64-fedora-clang 0.4.2 188.33 NOTE
r-devel-linux-x86_64-fedora-gcc 0.4.2 179.71 NOTE
r-devel-windows-ix86+x86_64 0.4.2 31.00 116.00 147.00 OK
r-patched-linux-x86_64 0.4.2 9.54 118.56 128.10 OK
r-patched-solaris-x86 0.4.2 233.60 NOTE
r-release-linux-x86_64 0.4.2 9.33 116.97 126.30 OK
r-release-macos-x86_64 0.4.2 NOTE
r-release-windows-ix86+x86_64 0.4.2 35.00 150.00 185.00 OK
r-oldrel-macos-x86_64 0.4.2 NOTE
r-oldrel-windows-ix86+x86_64 0.4.2 28.00 148.00 176.00 OK

Check Details

Version: 0.4.2
Check: dependencies in R code
Result: NOTE
    Namespace in Imports field not imported from: ‘cluster’
     All declared Imports should be used.
Flavors: r-devel-linux-x86_64-fedora-clang, r-devel-linux-x86_64-fedora-gcc, r-patched-solaris-x86, r-release-macos-x86_64, r-oldrel-macos-x86_64