CRAN Package Check Results for Package graphlayouts

Last updated on 2020-02-26 05:47:09 CET.

Flavor Version Tinstall Tcheck Ttotal Status Flags
r-devel-linux-x86_64-debian-clang 0.5.0 50.73 33.61 84.34 OK
r-devel-linux-x86_64-debian-gcc 0.5.0 36.52 26.17 62.69 OK
r-devel-linux-x86_64-fedora-clang 0.5.0 113.37 NOTE
r-devel-linux-x86_64-fedora-gcc 0.5.0 106.92 OK
r-devel-windows-ix86+x86_64 0.5.0 88.00 68.00 156.00 OK
r-devel-windows-ix86+x86_64-gcc8 0.5.0 101.00 78.00 179.00 OK
r-patched-linux-x86_64 0.5.0 42.45 30.58 73.03 OK
r-patched-solaris-x86 0.5.0 119.10 OK
r-release-linux-x86_64 0.5.0 46.07 30.05 76.12 OK
r-release-windows-ix86+x86_64 0.5.0 84.00 70.00 154.00 OK
r-release-osx-x86_64 0.5.0 NOTE
r-oldrel-windows-ix86+x86_64 0.5.0 110.00 72.00 182.00 OK
r-oldrel-osx-x86_64 0.5.0 NOTE

Check Details

Version: 0.5.0
Check: installed package size
Result: NOTE
     installed size is 5.4Mb
     sub-directories of 1Mb or more:
     help 2.4Mb
     libs 2.9Mb
Flavors: r-devel-linux-x86_64-fedora-clang, r-release-osx-x86_64, r-oldrel-osx-x86_64