CRAN Package Check Results for Package graphlayouts

Last updated on 2019-09-19 15:48:17 CEST.

Flavor Version Tinstall Tcheck Ttotal Status Flags
r-devel-linux-x86_64-debian-clang 0.5.0 46.61 29.42 76.03 OK
r-devel-linux-x86_64-debian-gcc 0.5.0 36.14 23.66 59.80 OK
r-devel-linux-x86_64-fedora-clang 0.5.0 109.42 NOTE
r-devel-linux-x86_64-fedora-gcc 0.5.0 101.32 OK
r-devel-windows-ix86+x86_64 0.5.0 105.00 98.00 203.00 OK
r-patched-linux-x86_64 0.5.0 41.61 29.41 71.02 OK
r-patched-solaris-x86 0.5.0 115.50 OK
r-release-linux-x86_64 0.5.0 42.70 29.21 71.91 OK
r-release-windows-ix86+x86_64 0.5.0 74.00 70.00 144.00 OK
r-release-osx-x86_64 0.5.0 NOTE
r-oldrel-windows-ix86+x86_64 0.5.0 82.00 62.00 144.00 OK
r-oldrel-osx-x86_64 0.5.0 NOTE

Check Details

Version: 0.5.0
Check: installed package size
Result: NOTE
     installed size is 5.4Mb
     sub-directories of 1Mb or more:
     help 2.4Mb
     libs 2.8Mb
Flavors: r-devel-linux-x86_64-fedora-clang, r-release-osx-x86_64, r-oldrel-osx-x86_64