CRAN Package Check Results for Package grattan

Last updated on 2019-09-23 03:48:58 CEST.

Flavor Version Tinstall Tcheck Ttotal Status Flags
r-devel-linux-x86_64-debian-clang 1.7.1.2 90.16 139.08 229.24 NOTE
r-devel-linux-x86_64-debian-gcc 1.7.1.2 63.85 168.30 232.15 NOTE
r-devel-linux-x86_64-fedora-clang 1.7.1.2 275.85 NOTE
r-devel-linux-x86_64-fedora-gcc 1.7.1.2 256.22 NOTE
r-devel-windows-ix86+x86_64 1.7.1.2 240.00 202.00 442.00 NOTE
r-patched-linux-x86_64 1.7.1.2 69.37 140.45 209.82 NOTE
r-patched-solaris-x86 1.7.1.2 252.50 NOTE
r-release-linux-x86_64 1.7.1.2 74.44 132.55 206.99 NOTE
r-release-windows-ix86+x86_64 1.7.1.2 227.00 211.00 438.00 NOTE
r-release-osx-x86_64 1.7.1.2 NOTE
r-oldrel-windows-ix86+x86_64 1.7.1.2 141.00 141.00 282.00 NOTE
r-oldrel-osx-x86_64 1.7.1.2 NOTE

Check Details

Version: 1.7.1.2
Check: package dependencies
Result: NOTE
    Packages suggested but not available for checking:
     'taxstats', 'taxstats1516'
Flavors: r-devel-linux-x86_64-debian-clang, r-devel-linux-x86_64-debian-gcc, r-devel-linux-x86_64-fedora-clang, r-devel-linux-x86_64-fedora-gcc, r-devel-windows-ix86+x86_64, r-patched-linux-x86_64, r-patched-solaris-x86, r-release-linux-x86_64, r-release-windows-ix86+x86_64, r-release-osx-x86_64

Version: 1.7.1.2
Check: package dependencies
Result: NOTE
    Packages suggested but not available for checking:
     'taxstats' 'taxstats1516'
Flavors: r-oldrel-windows-ix86+x86_64, r-oldrel-osx-x86_64