CRAN Package Check Results for Package grattan

Last updated on 2020-02-24 02:47:02 CET.

Flavor Version Tinstall Tcheck Ttotal Status Flags
r-devel-linux-x86_64-debian-clang 1.8.0.0 108.31 162.16 270.47 ERROR
r-devel-linux-x86_64-debian-gcc 1.8.0.0 NOTE
r-devel-linux-x86_64-fedora-clang 1.8.0.0 300.36 NOTE
r-devel-linux-x86_64-fedora-gcc 1.8.0.0 278.00 NOTE
r-devel-windows-ix86+x86_64 1.8.0.0 194.00 152.00 346.00 NOTE
r-devel-windows-ix86+x86_64-gcc8 1.8.0.0 283.00 218.00 501.00 NOTE
r-patched-linux-x86_64 1.8.0.0 NOTE
r-patched-solaris-x86 1.8.0.0 247.40 NOTE
r-release-linux-x86_64 1.8.0.0 71.24 153.81 225.05 NOTE
r-release-windows-ix86+x86_64 1.8.0.0 190.00 139.00 329.00 NOTE
r-release-osx-x86_64 1.8.0.0 NOTE
r-oldrel-windows-ix86+x86_64 1.8.0.0 155.00 147.00 302.00 NOTE
r-oldrel-osx-x86_64 1.8.0.0 NOTE

Check Details

Version: 1.8.0.0
Check: package dependencies
Result: NOTE
    Packages suggested but not available for checking:
     'taxstats', 'taxstats1516'
Flavors: r-devel-linux-x86_64-debian-clang, r-devel-linux-x86_64-debian-gcc, r-devel-linux-x86_64-fedora-clang, r-devel-linux-x86_64-fedora-gcc, r-devel-windows-ix86+x86_64, r-devel-windows-ix86+x86_64-gcc8, r-patched-linux-x86_64, r-patched-solaris-x86, r-release-linux-x86_64, r-release-windows-ix86+x86_64, r-release-osx-x86_64

Version: 1.8.0.0
Check: tests
Result: ERROR
     Running 'testthat.R' [89s/45s]
    Running the tests in 'tests/testthat.R' failed.
    Complete output:
     >
     > all.pkgs <- c("testthat", "dplyr", "dtplyr", "data.table", "magrittr", "survey", "zoo")
     >
     >
     > if (all(vapply(all.pkgs, requireNamespace, logical(1L), quietly = TRUE))) {
     +
     + library(testthat)
     + library(grattan)
     + library(hutils)
     + library(data.table)
     + library(magrittr)
     +
     + if (identical(Sys.getenv("CIRCLECI"), "true")) {
     + test_check("grattan",
     + reporter = JunitReporter$new(file = "junit_result.xml"))
     + } else {
     + test_check("grattan")
     + }
     + }
    
     Attaching package: 'magrittr'
    
     The following objects are masked from 'package:testthat':
    
     equals, is_less_than, not
    
     -- 1. Error: Multiple People (@test_pension_supplement.R#59) ------------------
     arguments imply differing number of rows: 1, 2
     Backtrace:
     1. testthat::expect_equal(...)
     4. grattan::pension_supplement(...)
     8. base::data.frame(..., check.names = FALSE)
    
     == testthat results ===========================================================
     [ OK: 833 | SKIPPED: 106 | WARNINGS: 0 | FAILED: 1 ]
     1. Error: Multiple People (@test_pension_supplement.R#59)
    
     Error: testthat unit tests failed
     Execution halted
Flavor: r-devel-linux-x86_64-debian-clang

Version: 1.8.0.0
Check: package dependencies
Result: NOTE
    Packages suggested but not available for checking:
     'taxstats' 'taxstats1516'
Flavors: r-oldrel-windows-ix86+x86_64, r-oldrel-osx-x86_64