CRAN Package Check Results for Package groupedstats

Last updated on 2020-02-25 02:48:31 CET.

Flavor Version Tinstall Tcheck Ttotal Status Flags
r-devel-linux-x86_64-debian-clang 0.1.1 14.07 151.56 165.63 ERROR
r-devel-linux-x86_64-debian-gcc 0.1.1 10.54 114.32 124.86 OK
r-devel-linux-x86_64-fedora-clang 0.1.1 198.07 OK
r-devel-linux-x86_64-fedora-gcc 0.1.1 187.49 OK
r-devel-windows-ix86+x86_64 0.1.1 34.00 161.00 195.00 OK
r-devel-windows-ix86+x86_64-gcc8 0.1.1 49.00 230.00 279.00 OK
r-patched-linux-x86_64 0.1.1 11.82 132.70 144.52 OK
r-patched-solaris-x86 0.1.1 261.30 OK
r-release-linux-x86_64 0.1.1 9.49 132.21 141.70 OK
r-release-windows-ix86+x86_64 0.1.1 28.00 164.00 192.00 OK
r-release-osx-x86_64 0.1.1 OK
r-oldrel-windows-ix86+x86_64 0.1.1 17.00 137.00 154.00 OK
r-oldrel-osx-x86_64 0.1.1 OK

Check Details

Version: 0.1.1
Check: tests
Result: ERROR
     Running 'spelling.R' [0s/1s]
     Running 'testthat.R' [27s/31s]
    Running the tests in 'tests/testthat.R' failed.
    Complete output:
     > library(testthat)
     > library(groupedstats)
     >
     > test_check("groupedstats")
     -- 1. Failure: signif_column works (@test-signif_column.R#45) -----------------
     df1$significance not identical to rep(NA_character_, 2).
     2/2 mismatches
     x[1]: "ns"
     y[1]: NA
    
     x[2]: "ns"
     y[2]: NA
    
     -- 2. Failure: signif_column works (@test-signif_column.R#46) -----------------
     df1$significance not identical to rep(NA_character_, 2).
     2/2 mismatches
     x[1]: "ns"
     y[1]: NA
    
     x[2]: "ns"
     y[2]: NA
    
     -- 3. Failure: signif_column works (@test-signif_column.R#47) -----------------
     df2$significance not identical to rep(NA_character_, 4).
     4/4 mismatches
     x[1]: "*"
     y[1]: NA
    
     x[2]: "**"
     y[2]: NA
    
     x[3]: "ns"
     y[3]: NA
    
     x[4]: "***"
     y[4]: NA
    
     == testthat results ===========================================================
     [ OK: 117 | SKIPPED: 4 | WARNINGS: 0 | FAILED: 3 ]
     1. Failure: signif_column works (@test-signif_column.R#45)
     2. Failure: signif_column works (@test-signif_column.R#46)
     3. Failure: signif_column works (@test-signif_column.R#47)
    
     Error: testthat unit tests failed
     Execution halted
Flavor: r-devel-linux-x86_64-debian-clang