CRAN Package Check Results for Package gstar

Last updated on 2019-12-13 02:46:52 CET.

Flavor Version Tinstall Tcheck Ttotal Status Flags
r-devel-linux-x86_64-debian-clang 0.1.0 5.09 43.71 48.80 OK
r-devel-linux-x86_64-debian-gcc 0.1.0 4.36 33.87 38.23 OK
r-devel-linux-x86_64-fedora-clang 0.1.0 57.68 NOTE
r-devel-linux-x86_64-fedora-gcc 0.1.0 58.64 NOTE
r-devel-windows-ix86+x86_64 0.1.0 11.00 77.00 88.00 OK
r-devel-windows-ix86+x86_64-gcc8 0.1.0 13.00 96.00 109.00 OK
r-patched-linux-x86_64 0.1.0 4.24 38.49 42.73 OK
r-patched-solaris-x86 0.1.0 77.90 NOTE
r-release-linux-x86_64 0.1.0 4.01 38.73 42.74 OK
r-release-windows-ix86+x86_64 0.1.0 11.00 57.00 68.00 OK
r-release-osx-x86_64 0.1.0 NOTE
r-oldrel-windows-ix86+x86_64 0.1.0 8.00 57.00 65.00 OK
r-oldrel-osx-x86_64 0.1.0 NOTE

Check Details

Version: 0.1.0
Check: dependencies in R code
Result: NOTE
    Namespace in Imports field not imported from: ‘dplyr’
     All declared Imports should be used.
Flavors: r-devel-linux-x86_64-fedora-clang, r-devel-linux-x86_64-fedora-gcc, r-patched-solaris-x86, r-release-osx-x86_64, r-oldrel-osx-x86_64