CRAN Package Check Results for Package gstar

Last updated on 2020-07-05 03:47:37 CEST.

Flavor Version Tinstall Tcheck Ttotal Status Flags
r-devel-linux-x86_64-debian-clang 0.1.0 4.55 43.99 48.54 OK
r-devel-linux-x86_64-debian-gcc 0.1.0 4.05 33.68 37.73 OK
r-devel-linux-x86_64-fedora-clang 0.1.0 67.36 NOTE
r-devel-linux-x86_64-fedora-gcc 0.1.0 55.71 NOTE
r-devel-windows-ix86+x86_64 0.1.0 19.00 87.00 106.00 OK
r-patched-linux-x86_64 0.1.0 5.31 42.73 48.04 OK
r-patched-solaris-x86 0.1.0 85.10 NOTE
r-release-linux-x86_64 0.1.0 4.52 42.53 47.05 OK
r-release-osx-x86_64 0.1.0 NOTE
r-release-windows-ix86+x86_64 0.1.0 13.00 55.00 68.00 OK
r-oldrel-osx-x86_64 0.1.0 NOTE
r-oldrel-windows-ix86+x86_64 0.1.0 15.00 83.00 98.00 OK

Check Details

Version: 0.1.0
Check: dependencies in R code
Result: NOTE
    Namespace in Imports field not imported from: ‘dplyr’
     All declared Imports should be used.
Flavors: r-devel-linux-x86_64-fedora-clang, r-devel-linux-x86_64-fedora-gcc, r-patched-solaris-x86, r-release-osx-x86_64, r-oldrel-osx-x86_64