CRAN Package Check Results for Package gt

Last updated on 2020-08-08 03:50:41 CEST.

Flavor Version Tinstall Tcheck Ttotal Status Flags
r-devel-linux-x86_64-debian-clang 0.2.2 14.12 325.52 339.64 OK
r-devel-linux-x86_64-debian-gcc 0.2.2 11.55 240.84 252.39 OK
r-devel-linux-x86_64-fedora-clang 0.2.2 402.28 NOTE
r-devel-linux-x86_64-fedora-gcc 0.2.2 392.57 NOTE
r-devel-windows-ix86+x86_64 0.2.2 36.00 386.00 422.00 NOTE
r-patched-linux-x86_64 0.2.2 15.30 315.45 330.75 OK
r-patched-solaris-x86 0.2.2 417.30 NOTE
r-release-linux-x86_64 0.2.1 13.10 314.72 327.82 OK
r-release-macos-x86_64 0.2.2 NOTE
r-release-windows-ix86+x86_64 0.2.2 35.00 387.00 422.00 NOTE
r-oldrel-macos-x86_64 0.2.2 NOTE
r-oldrel-windows-ix86+x86_64 0.2.1 27.00 264.00 291.00 NOTE

Check Details

Version: 0.2.2
Check: installed package size
Result: NOTE
     installed size is 6.1Mb
     sub-directories of 1Mb or more:
     help 4.0Mb
Flavors: r-devel-linux-x86_64-fedora-clang, r-devel-windows-ix86+x86_64, r-patched-solaris-x86, r-release-macos-x86_64, r-release-windows-ix86+x86_64, r-oldrel-macos-x86_64

Version: 0.2.2
Check: data for non-ASCII characters
Result: NOTE
     Note: found 116 marked UTF-8 strings
Flavors: r-devel-linux-x86_64-fedora-clang, r-devel-linux-x86_64-fedora-gcc, r-patched-solaris-x86, r-release-macos-x86_64, r-oldrel-macos-x86_64

Version: 0.2.1
Check: installed package size
Result: NOTE
     installed size is 6.9Mb
     sub-directories of 1Mb or more:
     help 5.5Mb
Flavor: r-oldrel-windows-ix86+x86_64