CRAN Package Check Results for Package haven

Last updated on 2020-07-03 15:48:02 CEST.

Flavor Version Tinstall Tcheck Ttotal Status Flags
r-devel-linux-x86_64-debian-clang 2.3.1 55.51 48.44 103.95 NOTE
r-devel-linux-x86_64-debian-gcc 2.3.1 43.04 37.73 80.77 NOTE
r-devel-linux-x86_64-fedora-clang 2.3.1 151.24 NOTE
r-devel-linux-x86_64-fedora-gcc 2.3.1 130.71 NOTE
r-devel-windows-ix86+x86_64 2.3.1 170.00 137.00 307.00 NOTE
r-patched-linux-x86_64 2.3.1 45.32 47.56 92.88 NOTE
r-patched-solaris-x86 2.3.1 133.00 NOTE
r-release-linux-x86_64 2.3.1 41.74 47.58 89.32 NOTE
r-release-osx-x86_64 2.3.1 NOTE
r-release-windows-ix86+x86_64 2.3.1 135.00 92.00 227.00 NOTE
r-oldrel-osx-x86_64 2.3.1 NOTE
r-oldrel-windows-ix86+x86_64 2.3.1 152.00 134.00 286.00 NOTE

Check Details

Version: 2.3.1
Check: for GNU extensions in Makefiles
Result: NOTE
    GNU make is a SystemRequirements.
Flavors: r-devel-linux-x86_64-debian-clang, r-devel-linux-x86_64-debian-gcc, r-devel-linux-x86_64-fedora-clang, r-devel-linux-x86_64-fedora-gcc, r-devel-windows-ix86+x86_64, r-patched-linux-x86_64, r-patched-solaris-x86, r-release-linux-x86_64, r-release-osx-x86_64, r-release-windows-ix86+x86_64, r-oldrel-osx-x86_64, r-oldrel-windows-ix86+x86_64

Version: 2.3.1
Check: Rd cross-references
Result: NOTE
    Undeclared package ‘dplyr’ in Rd xrefs
Flavor: r-devel-linux-x86_64-fedora-clang