Last updated on 2019-12-08 02:50:04 CET.
Flavor | Version | Tinstall | Tcheck | Ttotal | Status | Flags |
---|---|---|---|---|---|---|
r-devel-linux-x86_64-debian-clang | 2.2.0 | 56.97 | 45.06 | 102.03 | NOTE | |
r-devel-linux-x86_64-debian-gcc | 2.2.0 | 36.90 | 36.01 | 72.91 | NOTE | |
r-devel-linux-x86_64-fedora-clang | 2.2.0 | 127.10 | NOTE | |||
r-devel-linux-x86_64-fedora-gcc | 2.2.0 | 120.23 | NOTE | |||
r-devel-windows-ix86+x86_64 | 2.2.0 | 125.00 | 125.00 | 250.00 | NOTE | |
r-devel-windows-ix86+x86_64-gcc8 | 2.2.0 | 124.00 | 98.00 | 222.00 | WARN | |
r-patched-linux-x86_64 | 2.2.0 | 38.81 | 40.93 | 79.74 | NOTE | |
r-patched-solaris-x86 | 2.2.0 | 126.70 | WARN | |||
r-release-linux-x86_64 | 2.2.0 | 39.29 | 40.54 | 79.83 | NOTE | |
r-release-windows-ix86+x86_64 | 2.2.0 | 109.00 | 88.00 | 197.00 | NOTE | |
r-release-osx-x86_64 | 2.2.0 | NOTE | ||||
r-oldrel-windows-ix86+x86_64 | 2.2.0 | 113.00 | 115.00 | 228.00 | NOTE | |
r-oldrel-osx-x86_64 | 2.2.0 | NOTE |
Version: 2.2.0
Check: for GNU extensions in Makefiles
Result: NOTE
GNU make is a SystemRequirements.
Flavors: r-devel-linux-x86_64-debian-clang, r-devel-linux-x86_64-debian-gcc, r-devel-linux-x86_64-fedora-clang, r-devel-linux-x86_64-fedora-gcc, r-devel-windows-ix86+x86_64, r-devel-windows-ix86+x86_64-gcc8, r-patched-linux-x86_64, r-patched-solaris-x86, r-release-linux-x86_64, r-release-windows-ix86+x86_64, r-release-osx-x86_64, r-oldrel-windows-ix86+x86_64, r-oldrel-osx-x86_64
Version: 2.2.0
Check: whether package can be installed
Result: WARN
Found the following significant warnings:
readstat/readstat_convert.c:18:42: warning: passing argument 2 of 'libiconv' from incompatible pointer type [-Wincompatible-pointer-types]
src/spss/readstat_sav_parse.rl:89:17: warning: passing argument 2 of 'libiconv' from incompatible pointer type [-Wincompatible-pointer-types]
src/spss/readstat_sav_parse.rl:197:17: warning: passing argument 2 of 'libiconv' from incompatible pointer type [-Wincompatible-pointer-types]
Flavors: r-devel-windows-ix86+x86_64-gcc8, r-patched-solaris-x86