CRAN Package Check Results for Package highlight

Last updated on 2020-04-04 15:48:20 CEST.

Flavor Version Tinstall Tcheck Ttotal Status Flags
r-devel-linux-x86_64-debian-clang 0.5.0 71.04 25.12 96.16 OK
r-devel-linux-x86_64-debian-gcc 0.5.0 47.26 21.38 68.64 OK
r-devel-linux-x86_64-fedora-clang 0.5.0 162.41 NOTE
r-devel-linux-x86_64-fedora-gcc 0.5.0 119.78 OK
r-devel-windows-ix86+x86_64 0.5.0 133.00 81.00 214.00 OK
r-devel-windows-ix86+x86_64-gcc8 0.5.0 150.00 56.00 206.00 OK
r-patched-linux-x86_64 0.5.0 56.04 24.85 80.89 OK
r-patched-solaris-x86 0.5.0 180.90 OK
r-release-linux-x86_64 0.5.0 54.24 23.70 77.94 OK
r-release-windows-ix86+x86_64 0.5.0 185.00 70.00 255.00 OK
r-release-osx-x86_64 0.5.0 NOTE
r-oldrel-windows-ix86+x86_64 0.5.0 128.00 46.00 174.00 OK
r-oldrel-osx-x86_64 0.5.0 NOTE

Check Details

Version: 0.5.0
Check: installed package size
Result: NOTE
     installed size is 10.0Mb
     sub-directories of 1Mb or more:
     highlight 1.1Mb
     libs 8.7Mb
Flavors: r-devel-linux-x86_64-fedora-clang, r-release-osx-x86_64, r-oldrel-osx-x86_64