CRAN Package Check Results for Package hpa

Last updated on 2020-12-05 02:49:46 CET.

Flavor Version Tinstall Tcheck Ttotal Status Flags
r-devel-linux-x86_64-debian-clang 1.1.3 217.59 36.07 253.66 NOTE
r-devel-linux-x86_64-debian-gcc 1.1.3 165.08 28.32 193.40 NOTE
r-devel-linux-x86_64-fedora-clang 1.1.3 350.20 NOTE
r-devel-linux-x86_64-fedora-gcc 1.1.3 365.03 NOTE
r-devel-windows-ix86+x86_64 1.1.3 455.00 82.00 537.00 NOTE
r-patched-linux-x86_64 1.1.3 190.82 35.33 226.15 NOTE
r-patched-solaris-x86 1.1.3 264.90 NOTE
r-release-linux-x86_64 1.1.3 189.13 35.55 224.68 NOTE
r-release-macos-x86_64 1.1.3 NOTE
r-release-windows-ix86+x86_64 1.1.3 340.00 67.00 407.00 NOTE
r-oldrel-macos-x86_64 1.1.3 NOTE
r-oldrel-windows-ix86+x86_64 1.1.3 414.00 80.00 494.00 NOTE

Check Details

Version: 1.1.3
Check: for GNU extensions in Makefiles
Result: NOTE
    GNU make is a SystemRequirements.
Flavors: r-devel-linux-x86_64-debian-clang, r-devel-linux-x86_64-debian-gcc, r-devel-linux-x86_64-fedora-clang, r-devel-linux-x86_64-fedora-gcc, r-devel-windows-ix86+x86_64, r-patched-linux-x86_64, r-patched-solaris-x86, r-release-linux-x86_64, r-release-macos-x86_64, r-release-windows-ix86+x86_64, r-oldrel-macos-x86_64, r-oldrel-windows-ix86+x86_64

Version: 1.1.3
Check: installed package size
Result: NOTE
     installed size is 17.3Mb
     sub-directories of 1Mb or more:
     libs 17.0Mb
Flavors: r-devel-linux-x86_64-fedora-clang, r-release-macos-x86_64, r-oldrel-macos-x86_64

Version: 1.1.3
Check: R code for possible problems
Result: NOTE
    plot.hpaML: no visible global function definition for ‘plot’
    Undefined global functions or variables:
     plot
    Consider adding
     importFrom("graphics", "plot")
    to your NAMESPACE file.
Flavors: r-oldrel-macos-x86_64, r-oldrel-windows-ix86+x86_64