CRAN Package Check Results for Package huxtable

Last updated on 2019-10-23 03:48:29 CEST.

Flavor Version Tinstall Tcheck Ttotal Status Flags
r-devel-linux-x86_64-debian-clang 4.7.0 10.31 125.37 135.68 ERROR
r-devel-linux-x86_64-debian-gcc 4.7.0 8.60 98.59 107.19 OK
r-devel-linux-x86_64-fedora-clang 4.7.0 162.16 OK
r-devel-linux-x86_64-fedora-gcc 4.7.0 156.63 OK
r-devel-windows-ix86+x86_64 4.7.0 25.00 197.00 222.00 OK
r-patched-linux-x86_64 4.7.0 10.37 123.29 133.66 OK
r-patched-solaris-x86 4.7.0 200.30 OK
r-release-linux-x86_64 4.7.0 11.21 125.30 136.51 OK
r-release-windows-ix86+x86_64 4.7.0 30.00 191.00 221.00 OK
r-release-osx-x86_64 4.7.0 OK
r-oldrel-windows-ix86+x86_64 4.7.0 22.00 182.00 204.00 OK
r-oldrel-osx-x86_64 4.7.0 OK

Check Details

Version: 4.7.0
Check: tests
Result: ERROR
     Running 'testthat.R' [31s/32s]
    Running the tests in 'tests/testthat.R' failed.
    Complete output:
     > library(testthat)
     > library(huxtable)
     >
     >
     > we_are_in_R_CMD_check <- TRUE
     > test_check("huxtable")
     -- 1. Failure: Chinese characters are not repeated (@test-print.R#193) --------
     `s` does not match "^[[:space:]]*<U+4E2D><U+6587>[[:space:]]*(\\n.*)?$".
     Actual value: " <U\+4 \\n\\nColumn names: "<U\+4E2D><U\+6587>"\\n"
    
     == testthat results ===========================================================
     [ OK: 896 | SKIPPED: 64 | WARNINGS: 0 | FAILED: 1 ]
     1. Failure: Chinese characters are not repeated (@test-print.R#193)
    
     Error: testthat unit tests failed
     Execution halted
Flavor: r-devel-linux-x86_64-debian-clang