CRAN Package Check Results for Package huxtable

Last updated on 2020-05-27 03:48:34 CEST.

Flavor Version Tinstall Tcheck Ttotal Status Flags
r-devel-linux-x86_64-debian-clang 4.7.1 13.54 135.25 148.79 ERROR
r-devel-linux-x86_64-debian-gcc 4.7.1 10.30 101.37 111.67 ERROR
r-devel-linux-x86_64-fedora-clang 4.7.1 184.96 ERROR
r-devel-linux-x86_64-fedora-gcc 4.7.1 180.59 ERROR
r-devel-windows-ix86+x86_64 4.7.1 36.00 170.00 206.00 ERROR
r-patched-linux-x86_64 4.7.1 11.21 132.02 143.23 ERROR
r-patched-solaris-x86 4.7.1 209.30 ERROR
r-release-linux-x86_64 4.7.1 12.03 132.20 144.23 ERROR
r-release-osx-x86_64 4.7.1 OK
r-release-windows-ix86+x86_64 4.7.1 21.00 219.00 240.00 ERROR
r-oldrel-osx-x86_64 4.7.1 OK
r-oldrel-windows-ix86+x86_64 4.7.1 21.00 156.00 177.00 ERROR

Check Details

Version: 4.7.1
Check: tests
Result: ERROR
     Running 'testthat.R' [28s/30s]
    Running the tests in 'tests/testthat.R' failed.
    Complete output:
     > library(testthat)
     > library(huxtable)
     >
     >
     > we_are_in_R_CMD_check <- TRUE
     > test_check("huxtable")
     -- 1. Failure: Quick output functions create files (@test-quick-output.R#33) --
     `quick_pptx(m, dfr, ht, file = tf, open = FALSE)` produced warnings.
    
     [WARNING] This document format requires a nonempty <title> element.
     Defaulting to 'markdown-example7c84221c018.utf8' as the title.
     To specify a title, use 'title' in metadata or --metadata title="...".
     [WARNING] This document format requires a nonempty <title> element.
     Defaulting to 'markdown-example7c86312ccbe.utf8' as the title.
     To specify a title, use 'title' in metadata or --metadata title="...".
     [WARNING] This document format requires a nonempty <title> element.
     Defaulting to 'markdown-example7c87060158.utf8' as the title.
     To specify a title, use 'title' in metadata or --metadata title="...".
     == testthat results ===========================================================
     [ OK: 898 | SKIPPED: 65 | WARNINGS: 0 | FAILED: 1 ]
     1. Failure: Quick output functions create files (@test-quick-output.R#33)
    
     Error: testthat unit tests failed
     Execution halted
Flavor: r-devel-linux-x86_64-debian-clang

Version: 4.7.1
Check: tests
Result: ERROR
     Running ‘testthat.R’ [21s/32s]
    Running the tests in ‘tests/testthat.R’ failed.
    Complete output:
     > library(testthat)
     > library(huxtable)
     >
     >
     > we_are_in_R_CMD_check <- TRUE
     > test_check("huxtable")
     ── 1. Failure: Quick output functions create files (@test-quick-output.R#33) ──
     `quick_pptx(m, dfr, ht, file = tf, open = FALSE)` produced warnings.
    
     [WARNING] This document format requires a nonempty <title> element.
     Defaulting to 'markdown-example7f9b6393456f.utf8' as the title.
     To specify a title, use 'title' in metadata or --metadata title="...".
     [WARNING] This document format requires a nonempty <title> element.
     Defaulting to 'markdown-example7f9b57fbda21.utf8' as the title.
     To specify a title, use 'title' in metadata or --metadata title="...".
     [WARNING] This document format requires a nonempty <title> element.
     Defaulting to 'markdown-example7f9b656b493f.utf8' as the title.
     To specify a title, use 'title' in metadata or --metadata title="...".
     ══ testthat results ═══════════════════════════════════════════════════════════
     [ OK: 898 | SKIPPED: 65 | WARNINGS: 0 | FAILED: 1 ]
     1. Failure: Quick output functions create files (@test-quick-output.R#33)
    
     Error: testthat unit tests failed
     Execution halted
Flavor: r-devel-linux-x86_64-debian-gcc

Version: 4.7.1
Check: tests
Result: ERROR
     Running ‘testthat.R’ [31s/80s]
    Running the tests in ‘tests/testthat.R’ failed.
    Complete output:
     > library(testthat)
     > library(huxtable)
     >
     >
     > we_are_in_R_CMD_check <- TRUE
     > test_check("huxtable")
     ── 1. Failure: Quick output functions create files (@test-quick-output.R#33) ──
     `quick_pptx(m, dfr, ht, file = tf, open = FALSE)` produced warnings.
    
     [WARNING] This document format requires a nonempty <title> element.
     Defaulting to 'markdown-example1fb8239d7946.utf8' as the title.
     To specify a title, use 'title' in metadata or --metadata title="...".
     [WARNING] This document format requires a nonempty <title> element.
     Defaulting to 'markdown-example1fb81cc62873.utf8' as the title.
     To specify a title, use 'title' in metadata or --metadata title="...".
     [WARNING] This document format requires a nonempty <title> element.
     Defaulting to 'markdown-example1fb8370beff0.utf8' as the title.
     To specify a title, use 'title' in metadata or --metadata title="...".
     ══ testthat results ═══════════════════════════════════════════════════════════
     [ OK: 898 | SKIPPED: 65 | WARNINGS: 0 | FAILED: 1 ]
     1. Failure: Quick output functions create files (@test-quick-output.R#33)
    
     Error: testthat unit tests failed
     Execution halted
Flavor: r-devel-linux-x86_64-fedora-clang

Version: 4.7.1
Check: tests
Result: ERROR
     Running ‘testthat.R’ [38s/63s]
    Running the tests in ‘tests/testthat.R’ failed.
    Complete output:
     > library(testthat)
     > library(huxtable)
     >
     >
     > we_are_in_R_CMD_check <- TRUE
     > test_check("huxtable")
     ── 1. Failure: Quick output functions create files (@test-quick-output.R#33) ──
     `quick_pptx(m, dfr, ht, file = tf, open = FALSE)` produced warnings.
    
     [WARNING] This document format requires a nonempty <title> element.
     Defaulting to 'markdown-exampleb2ca599f775c.utf8' as the title.
     To specify a title, use 'title' in metadata or --metadata title="...".
     [WARNING] This document format requires a nonempty <title> element.
     Defaulting to 'markdown-exampleb2ca7c50ba1b.utf8' as the title.
     To specify a title, use 'title' in metadata or --metadata title="...".
     [WARNING] This document format requires a nonempty <title> element.
     Defaulting to 'markdown-exampleb2ca5bb70706.utf8' as the title.
     To specify a title, use 'title' in metadata or --metadata title="...".
     ══ testthat results ═══════════════════════════════════════════════════════════
     [ OK: 898 | SKIPPED: 65 | WARNINGS: 0 | FAILED: 1 ]
     1. Failure: Quick output functions create files (@test-quick-output.R#33)
    
     Error: testthat unit tests failed
     Execution halted
Flavor: r-devel-linux-x86_64-fedora-gcc

Version: 4.7.1
Check: tests
Result: ERROR
     Running 'testthat.R' [27s]
    Running the tests in 'tests/testthat.R' failed.
    Complete output:
     > library(testthat)
     > library(huxtable)
     >
     >
     > we_are_in_R_CMD_check <- TRUE
     > test_check("huxtable")
     -- 1. Failure: Quick output functions create files (@test-quick-output.R#33) --
     `quick_pptx(m, dfr, ht, file = tf, open = FALSE)` produced warnings.
    
     == testthat results ===========================================================
     [ OK: 897 | SKIPPED: 66 | WARNINGS: 0 | FAILED: 1 ]
     1. Failure: Quick output functions create files (@test-quick-output.R#33)
    
     Error: testthat unit tests failed
     Execution halted
Flavor: r-devel-windows-ix86+x86_64

Version: 4.7.1
Check: tests
Result: ERROR
     Running ‘testthat.R’ [26s/30s]
    Running the tests in ‘tests/testthat.R’ failed.
    Complete output:
     > library(testthat)
     > library(huxtable)
     >
     >
     > we_are_in_R_CMD_check <- TRUE
     > test_check("huxtable")
     ── 1. Failure: Quick output functions create files (@test-quick-output.R#33) ──
     `quick_pptx(m, dfr, ht, file = tf, open = FALSE)` produced warnings.
    
     [WARNING] This document format requires a nonempty <title> element.
     Defaulting to 'markdown-example1afc287ee92f.utf8' as the title.
     To specify a title, use 'title' in metadata or --metadata title="...".
     [WARNING] This document format requires a nonempty <title> element.
     Defaulting to 'markdown-example1afcad38005.utf8' as the title.
     To specify a title, use 'title' in metadata or --metadata title="...".
     [WARNING] This document format requires a nonempty <title> element.
     Defaulting to 'markdown-example1afc27cb527e.utf8' as the title.
     To specify a title, use 'title' in metadata or --metadata title="...".
     ══ testthat results ═══════════════════════════════════════════════════════════
     [ OK: 898 | SKIPPED: 65 | WARNINGS: 0 | FAILED: 1 ]
     1. Failure: Quick output functions create files (@test-quick-output.R#33)
    
     Error: testthat unit tests failed
     Execution halted
Flavor: r-patched-linux-x86_64

Version: 4.7.1
Check: tests
Result: ERROR
     Running ‘testthat.R’ [33s/38s]
    Running the tests in ‘tests/testthat.R’ failed.
    Complete output:
     > library(testthat)
     > library(huxtable)
     >
     >
     > we_are_in_R_CMD_check <- TRUE
     > test_check("huxtable")
     ── 1. Failure: Quick output functions create files (@test-quick-output.R#33) ──
     `quick_pptx(m, dfr, ht, file = tf, open = FALSE)` produced warnings.
    
     ══ testthat results ═══════════════════════════════════════════════════════════
     [ OK: 890 | SKIPPED: 60 | WARNINGS: 0 | FAILED: 1 ]
     1. Failure: Quick output functions create files (@test-quick-output.R#33)
    
     Error: testthat unit tests failed
     Execution halted
Flavor: r-patched-solaris-x86

Version: 4.7.1
Check: tests
Result: ERROR
     Running ‘testthat.R’ [26s/30s]
    Running the tests in ‘tests/testthat.R’ failed.
    Complete output:
     > library(testthat)
     > library(huxtable)
     >
     >
     > we_are_in_R_CMD_check <- TRUE
     > test_check("huxtable")
     ── 1. Failure: Quick output functions create files (@test-quick-output.R#33) ──
     `quick_pptx(m, dfr, ht, file = tf, open = FALSE)` produced warnings.
    
     [WARNING] This document format requires a nonempty <title> element.
     Defaulting to 'markdown-example65ce4deafb0f.utf8' as the title.
     To specify a title, use 'title' in metadata or --metadata title="...".
     [WARNING] This document format requires a nonempty <title> element.
     Defaulting to 'markdown-example65ce34640357.utf8' as the title.
     To specify a title, use 'title' in metadata or --metadata title="...".
     [WARNING] This document format requires a nonempty <title> element.
     Defaulting to 'markdown-example65ce68f84dcd.utf8' as the title.
     To specify a title, use 'title' in metadata or --metadata title="...".
     ══ testthat results ═══════════════════════════════════════════════════════════
     [ OK: 898 | SKIPPED: 65 | WARNINGS: 0 | FAILED: 1 ]
     1. Failure: Quick output functions create files (@test-quick-output.R#33)
    
     Error: testthat unit tests failed
     Execution halted
Flavor: r-release-linux-x86_64

Version: 4.7.1
Check: tests
Result: ERROR
     Running 'testthat.R' [35s]
    Running the tests in 'tests/testthat.R' failed.
    Complete output:
     > library(testthat)
     > library(huxtable)
     >
     >
     > we_are_in_R_CMD_check <- TRUE
     > test_check("huxtable")
     -- 1. Failure: Quick output functions create files (@test-quick-output.R#33) --
     `quick_pptx(m, dfr, ht, file = tf, open = FALSE)` produced warnings.
    
     == testthat results ===========================================================
     [ OK: 897 | SKIPPED: 66 | WARNINGS: 0 | FAILED: 1 ]
     1. Failure: Quick output functions create files (@test-quick-output.R#33)
    
     Error: testthat unit tests failed
     Execution halted
Flavor: r-release-windows-ix86+x86_64

Version: 4.7.1
Check: tests
Result: ERROR
     Running 'testthat.R' [24s]
    Running the tests in 'tests/testthat.R' failed.
    Complete output:
     > library(testthat)
     > library(huxtable)
     >
     >
     > we_are_in_R_CMD_check <- TRUE
     > test_check("huxtable")
     -- 1. Failure: Quick output functions create files (@test-quick-output.R#33) --
     `quick_pptx(m, dfr, ht, file = tf, open = FALSE)` produced warnings.
    
     == testthat results ===========================================================
     [ OK: 897 | SKIPPED: 66 | WARNINGS: 0 | FAILED: 1 ]
     1. Failure: Quick output functions create files (@test-quick-output.R#33)
    
     Error: testthat unit tests failed
     Execution halted
Flavor: r-oldrel-windows-ix86+x86_64