CRAN Package Check Results for Package hyperSpec

Last updated on 2020-02-20 20:48:27 CET.

Flavor Version Tinstall Tcheck Ttotal Status Flags
r-devel-linux-x86_64-debian-clang 0.99-20200213 18.04 278.76 296.80 OK
r-devel-linux-x86_64-debian-gcc 0.99-20200213 14.97 206.57 221.54 OK
r-devel-linux-x86_64-fedora-clang 0.99-20200213 351.96 NOTE
r-devel-linux-x86_64-fedora-gcc 0.99-20200213 344.83 OK
r-devel-windows-ix86+x86_64 0.99-20200213 28.00 287.00 315.00 NOTE
r-devel-windows-ix86+x86_64-gcc8 0.99-20200213 42.00 415.00 457.00 NOTE
r-patched-linux-x86_64 0.99-20200213 16.10 246.97 263.07 OK
r-patched-solaris-x86 0.99-20200213 353.40 NOTE
r-release-linux-x86_64 0.99-20200213 15.27 246.98 262.25 OK
r-release-windows-ix86+x86_64 0.99-20200213 29.00 275.00 304.00 NOTE
r-release-osx-x86_64 0.99-20200213 NOTE
r-oldrel-osx-x86_64 0.99-20200213 ERROR

Check Details

Version: 0.99-20200213
Check: installed package size
Result: NOTE
     installed size is 5.2Mb
     sub-directories of 1Mb or more:
     doc 3.8Mb
Flavors: r-devel-linux-x86_64-fedora-clang, r-devel-windows-ix86+x86_64, r-devel-windows-ix86+x86_64-gcc8, r-patched-solaris-x86, r-release-windows-ix86+x86_64, r-release-osx-x86_64

Version: 0.99-20200213
Check: whether package can be installed
Result: ERROR
    Installation failed.
Flavor: r-oldrel-osx-x86_64