CRAN Package Check Results for Package iDynoR

Last updated on 2020-08-14 03:47:47 CEST.

Flavor Version Tinstall Tcheck Ttotal Status Flags
r-devel-linux-x86_64-debian-clang 1.0 8.58 58.85 67.43 NOTE
r-devel-linux-x86_64-debian-gcc 1.0 6.45 45.06 51.51 NOTE
r-devel-linux-x86_64-fedora-clang 1.0 87.69 NOTE
r-devel-linux-x86_64-fedora-gcc 1.0 78.07 NOTE
r-devel-windows-ix86+x86_64 1.0 22.00 74.00 96.00 NOTE
r-patched-linux-x86_64 1.0 9.13 57.36 66.49 NOTE
r-patched-solaris-x86 1.0 125.30 NOTE
r-release-linux-x86_64 1.0 9.70 57.19 66.89 NOTE
r-release-macos-x86_64 1.0 NOTE
r-release-windows-ix86+x86_64 1.0 24.00 70.00 94.00 NOTE
r-oldrel-macos-x86_64 1.0 NOTE
r-oldrel-windows-ix86+x86_64 1.0 15.00 90.00 105.00 NOTE

Check Details

Version: 1.0
Check: dependencies in R code
Result: NOTE
    Packages in Depends field not imported from:
     'XML' 'vegan'
     These packages need to be imported from (in the NAMESPACE file)
     for when this namespace is loaded but not attached.
Flavors: r-devel-linux-x86_64-debian-clang, r-devel-linux-x86_64-debian-gcc, r-devel-linux-x86_64-fedora-clang, r-devel-linux-x86_64-fedora-gcc, r-devel-windows-ix86+x86_64, r-patched-linux-x86_64, r-patched-solaris-x86, r-release-linux-x86_64, r-release-macos-x86_64, r-release-windows-ix86+x86_64, r-oldrel-macos-x86_64, r-oldrel-windows-ix86+x86_64

Version: 1.0
Check: R code for possible problems
Result: NOTE
    agent_returnGridResolution: no visible global function definition for
     'xmlAttrs'
    agent_returnIVoxels: no visible global function definition for
     'xmlAttrs'
    agent_returnJVoxels: no visible global function definition for
     'xmlAttrs'
    agent_returnKVoxels: no visible global function definition for
     'xmlAttrs'
    agent_returnSimIteration: no visible global function definition for
     'xmlAttrs'
    agent_returnSimTime: no visible global function definition for
     'xmlAttrs'
    agent_returnSpeciesResultData: no visible global function definition
     for 'xmlSize'
    agent_returnSpeciesResultData: no visible global function definition
     for 'xmlAttrs'
    agent_returnSpeciesResultData: no visible global function definition
     for 'read.csv'
    env_returnConcentrationAndRateChange: no visible global function
     definition for 'xmlSize'
    env_returnConcentrationAndRateChange: no visible global function
     definition for 'xmlName'
    env_returnConcentrationAndRateChange: no visible global function
     definition for 'xmlAttrs'
    env_returnGlobalProductionRates: no visible global function definition
     for 'xmlSize'
    env_returnGlobalProductionRates: no visible global function definition
     for 'xmlAttrs'
    env_returnSimIteration: no visible global function definition for
     'xmlAttrs'
    env_returnSimTime: no visible global function definition for 'xmlAttrs'
    env_returnSoluteGridIVoxels: no visible global function definition for
     'xmlAttrs'
    env_returnSoluteGridJVoxels: no visible global function definition for
     'xmlAttrs'
    env_returnSoluteGridKVoxels: no visible global function definition for
     'xmlAttrs'
    env_returnSoluteGridRes: no visible global function definition for
     'xmlAttrs'
    env_returnSpecifiedSoluteData: no visible global function definition
     for 'xmlSize'
    env_soluteProductionRateOverTime: no visible global function definition
     for 'xmlValue'
    plotAgents: no visible global function definition for 'pdf'
    plotAgents: no visible global function definition for 'points'
    plotAgents: no visible global function definition for 'legend'
    plotAgents: no visible global function definition for 'dev.off'
    plotContour: no visible global function definition for 'pdf'
    plotContour: no visible global function definition for 'filled.contour'
    plotContour: no visible global function definition for 'dev.off'
    plotTimeCourseAbund: no visible global function definition for 'pdf'
    plotTimeCourseAbund: no visible global function definition for
     'dev.off'
    plotTimeCourseAgents: no visible global function definition for 'pdf'
    plotTimeCourseAgents: no visible global function definition for 'lines'
    plotTimeCourseAgents: no visible global function definition for
     'legend'
    plotTimeCourseAgents: no visible global function definition for
     'dev.off'
    readSimResultFile: no visible global function definition for
     'xmlTreeParse'
    readSimResultFile: no visible global function definition for 'xmlRoot'
    simpsonIndex: no visible global function definition for 'pdf'
    simpsonIndex: no visible global function definition for 'diversity'
    simpsonIndex: no visible global function definition for 'dev.off'
    Undefined global functions or variables:
     dev.off diversity filled.contour legend lines pdf points read.csv
     xmlAttrs xmlName xmlRoot xmlSize xmlTreeParse xmlValue
    Consider adding
     importFrom("grDevices", "dev.off", "pdf")
     importFrom("graphics", "filled.contour", "legend", "lines", "points")
     importFrom("utils", "read.csv")
    to your NAMESPACE file.
Flavors: r-devel-linux-x86_64-debian-clang, r-devel-linux-x86_64-debian-gcc, r-devel-linux-x86_64-fedora-clang, r-devel-linux-x86_64-fedora-gcc, r-devel-windows-ix86+x86_64, r-patched-linux-x86_64, r-patched-solaris-x86, r-release-linux-x86_64, r-release-macos-x86_64, r-release-windows-ix86+x86_64

Version: 1.0
Check: R code for possible problems
Result: NOTE
    agent_returnGridResolution: no visible global function definition for
     ‘xmlAttrs’
    agent_returnIVoxels: no visible global function definition for
     ‘xmlAttrs’
    agent_returnJVoxels: no visible global function definition for
     ‘xmlAttrs’
    agent_returnKVoxels: no visible global function definition for
     ‘xmlAttrs’
    agent_returnSimIteration: no visible global function definition for
     ‘xmlAttrs’
    agent_returnSimTime: no visible global function definition for
     ‘xmlAttrs’
    agent_returnSpeciesResultData: no visible global function definition
     for ‘xmlSize’
    agent_returnSpeciesResultData: no visible global function definition
     for ‘xmlAttrs’
    agent_returnSpeciesResultData: no visible global function definition
     for ‘read.csv’
    env_returnConcentrationAndRateChange: no visible global function
     definition for ‘xmlSize’
    env_returnConcentrationAndRateChange: no visible global function
     definition for ‘xmlName’
    env_returnConcentrationAndRateChange: no visible global function
     definition for ‘xmlAttrs’
    env_returnGlobalProductionRates: no visible global function definition
     for ‘xmlSize’
    env_returnGlobalProductionRates: no visible global function definition
     for ‘xmlAttrs’
    env_returnSimIteration: no visible global function definition for
     ‘xmlAttrs’
    env_returnSimTime: no visible global function definition for ‘xmlAttrs’
    env_returnSoluteGridIVoxels: no visible global function definition for
     ‘xmlAttrs’
    env_returnSoluteGridJVoxels: no visible global function definition for
     ‘xmlAttrs’
    env_returnSoluteGridKVoxels: no visible global function definition for
     ‘xmlAttrs’
    env_returnSoluteGridRes: no visible global function definition for
     ‘xmlAttrs’
    env_returnSpecifiedSoluteData: no visible global function definition
     for ‘xmlSize’
    env_soluteProductionRateOverTime: no visible global function definition
     for ‘xmlValue’
    plotAgents: no visible global function definition for ‘pdf’
    plotAgents: no visible global function definition for ‘plot’
    plotAgents: no visible global function definition for ‘points’
    plotAgents: no visible global function definition for ‘legend’
    plotAgents: no visible global function definition for ‘dev.off’
    plotContour: no visible global function definition for ‘pdf’
    plotContour: no visible global function definition for ‘filled.contour’
    plotContour: no visible global function definition for ‘dev.off’
    plotTimeCourseAbund: no visible global function definition for ‘pdf’
    plotTimeCourseAbund: no visible global function definition for ‘plot’
    plotTimeCourseAbund: no visible global function definition for
     ‘dev.off’
    plotTimeCourseAgents: no visible global function definition for ‘pdf’
    plotTimeCourseAgents: no visible global function definition for ‘plot’
    plotTimeCourseAgents: no visible global function definition for ‘lines’
    plotTimeCourseAgents: no visible global function definition for
     ‘legend’
    plotTimeCourseAgents: no visible global function definition for
     ‘dev.off’
    readSimResultFile: no visible global function definition for
     ‘xmlTreeParse’
    readSimResultFile: no visible global function definition for ‘xmlRoot’
    simpsonIndex: no visible global function definition for ‘pdf’
    simpsonIndex: no visible global function definition for ‘diversity’
    simpsonIndex: no visible global function definition for ‘plot’
    simpsonIndex: no visible global function definition for ‘dev.off’
    Undefined global functions or variables:
     dev.off diversity filled.contour legend lines pdf plot points
     read.csv xmlAttrs xmlName xmlRoot xmlSize xmlTreeParse xmlValue
    Consider adding
     importFrom("grDevices", "dev.off", "pdf")
     importFrom("graphics", "filled.contour", "legend", "lines", "plot",
     "points")
     importFrom("utils", "read.csv")
    to your NAMESPACE file.
Flavors: r-oldrel-macos-x86_64, r-oldrel-windows-ix86+x86_64