CRAN Package Check Results for Package ibmsunburst

Last updated on 2019-12-13 02:46:53 CET.

Flavor Version Tinstall Tcheck Ttotal Status Flags
r-devel-linux-x86_64-debian-clang 0.1.1 2.48 29.53 32.01 NOTE
r-devel-linux-x86_64-debian-gcc 0.1.1 2.09 23.68 25.77 NOTE
r-devel-linux-x86_64-fedora-clang 0.1.1 39.60 OK
r-devel-linux-x86_64-fedora-gcc 0.1.1 40.17 OK
r-devel-windows-ix86+x86_64 0.1.1 7.00 60.00 67.00 NOTE
r-devel-windows-ix86+x86_64-gcc8 0.1.1 10.00 74.00 84.00 NOTE
r-patched-linux-x86_64 0.1.1 2.15 27.51 29.66 OK
r-patched-solaris-x86 0.1.1 56.80 WARN
r-release-linux-x86_64 0.1.1 2.00 27.32 29.32 OK
r-release-windows-ix86+x86_64 0.1.1 5.00 42.00 47.00 OK
r-release-osx-x86_64 0.1.1 WARN
r-oldrel-windows-ix86+x86_64 0.1.1 3.00 38.00 41.00 OK
r-oldrel-osx-x86_64 0.1.1 WARN

Check Details

Version: 0.1.1
Check: package vignettes
Result: NOTE
    Package vignette with placeholder title 'Vignette Title':
     'ibmsunburst.Rmd'
Flavors: r-devel-linux-x86_64-debian-clang, r-devel-linux-x86_64-debian-gcc, r-devel-windows-ix86+x86_64, r-devel-windows-ix86+x86_64-gcc8

Version: 0.1.1
Check: re-building of vignette outputs
Result: WARN
    Error(s) in re-building vignettes:
     ...
    --- re-building ‘ibmsunburst.Rmd’ using rmarkdown
    Warning in engine$weave(file, quiet = quiet, encoding = enc) :
     Pandoc (>= 1.12.3) and/or pandoc-citeproc not available. Falling back to R Markdown v1.
    Quitting from lines 25-37 (ibmsunburst.Rmd)
    Error: processing vignette 'ibmsunburst.Rmd' failed with diagnostics:
    there is no package called 'webshot'
    --- failed re-building ‘ibmsunburst.Rmd’
    
    SUMMARY: processing the following file failed:
     ‘ibmsunburst.Rmd’
    
    Error: Vignette re-building failed.
    Execution halted
Flavor: r-patched-solaris-x86

Version: 0.1.1
Check: re-building of vignette outputs
Result: WARN
    Error(s) in re-building vignettes:
     ...
    --- re-building ‘ibmsunburst.Rmd’ using rmarkdown
    Warning in engine$weave(file, quiet = quiet, encoding = enc) :
     Pandoc (>= 1.12.3) and/or pandoc-citeproc not available. Falling back to R Markdown v1.
    Quitting from lines 25-37 (ibmsunburst.Rmd)
    Error: processing vignette 'ibmsunburst.Rmd' failed with diagnostics:
    cannot open the connection
    --- failed re-building ‘ibmsunburst.Rmd’
    
    SUMMARY: processing the following file failed:
     ‘ibmsunburst.Rmd’
    
    Error: Vignette re-building failed.
    Execution halted
Flavor: r-release-osx-x86_64

Version: 0.1.1
Check: re-building of vignette outputs
Result: WARN
    Error in re-building vignettes:
     ...
    Warning in engine$weave(file, quiet = quiet, encoding = enc) :
     Pandoc (>= 1.12.3) and/or pandoc-citeproc not available. Falling back to R Markdown v1.
    Quitting from lines 25-37 (ibmsunburst.Rmd)
    Error: processing vignette 'ibmsunburst.Rmd' failed with diagnostics:
    cannot open the connection
    Execution halted
Flavor: r-oldrel-osx-x86_64