CRAN Package Check Results for Package icenReg

Last updated on 2020-02-16 14:47:48 CET.

Flavor Version Tinstall Tcheck Ttotal Status Flags
r-devel-linux-x86_64-debian-clang 2.0.13 76.80 159.34 236.14 OK
r-devel-linux-x86_64-debian-gcc 2.0.13 59.87 119.58 179.45 OK
r-devel-linux-x86_64-fedora-clang 2.0.13 297.83 NOTE
r-devel-linux-x86_64-fedora-gcc 2.0.13 292.22 OK
r-devel-windows-ix86+x86_64 2.0.13 115.00 320.00 435.00 OK
r-devel-windows-ix86+x86_64-gcc8 2.0.13 158.00 362.00 520.00 OK
r-patched-linux-x86_64 2.0.13 62.68 147.70 210.38 OK
r-patched-solaris-x86 2.0.13 371.30 OK
r-release-linux-x86_64 2.0.13 62.07 148.74 210.81 OK
r-release-windows-ix86+x86_64 2.0.13 97.00 297.00 394.00 OK
r-release-osx-x86_64 2.0.13 NOTE
r-oldrel-windows-ix86+x86_64 2.0.13 93.00 346.00 439.00 OK
r-oldrel-osx-x86_64 2.0.13 NOTE

Check Details

Version: 2.0.13
Check: installed package size
Result: NOTE
     installed size is 15.2Mb
     sub-directories of 1Mb or more:
     libs 13.7Mb
Flavors: r-devel-linux-x86_64-fedora-clang, r-release-osx-x86_64, r-oldrel-osx-x86_64