CRAN Package Check Results for Package icensmis

Last updated on 2020-02-17 02:47:15 CET.

Flavor Version Tinstall Tcheck Ttotal Status Flags
r-devel-linux-x86_64-debian-clang 1.3.1 64.35 34.34 98.69 OK
r-devel-linux-x86_64-debian-gcc 1.3.1 38.45 27.43 65.88 OK
r-devel-linux-x86_64-fedora-clang 1.3.1 136.51 NOTE
r-devel-linux-x86_64-fedora-gcc 1.3.1 123.20 NOTE
r-devel-windows-ix86+x86_64 1.3.1 120.00 71.00 191.00 OK
r-devel-windows-ix86+x86_64-gcc8 1.3.1 156.00 92.00 248.00 OK
r-patched-linux-x86_64 1.3.1 45.45 30.69 76.14 OK
r-patched-solaris-x86 1.3.1 120.30 OK
r-release-linux-x86_64 1.3.1 48.76 30.83 79.59 OK
r-release-windows-ix86+x86_64 1.3.1 111.00 66.00 177.00 OK
r-release-osx-x86_64 1.3.1 OK
r-oldrel-windows-ix86+x86_64 1.3.1 102.00 91.00 193.00 OK
r-oldrel-osx-x86_64 1.3.1 OK

Check Details

Version: 1.3.1
Check: compiled code
Result: NOTE
    File ‘icensmis/libs/icensmis.so’:
     Found no calls to: ‘R_registerRoutines’, ‘R_useDynamicSymbols’
    
    It is good practice to register native routines and to disable symbol
    search.
    
    See ‘Writing portable packages’ in the ‘Writing R Extensions’ manual.
Flavors: r-devel-linux-x86_64-fedora-clang, r-devel-linux-x86_64-fedora-gcc