CRAN Package Check Results for Package icensmis

Last updated on 2019-09-19 03:48:12 CEST.

Flavor Version Tinstall Tcheck Ttotal Status Flags
r-devel-linux-x86_64-debian-clang 1.3.1 53.10 29.73 82.83 OK
r-devel-linux-x86_64-debian-gcc 1.3.1 39.84 23.87 63.71 OK
r-devel-linux-x86_64-fedora-clang 1.3.1 129.48 NOTE
r-devel-linux-x86_64-fedora-gcc 1.3.1 115.89 NOTE
r-devel-windows-ix86+x86_64 1.3.1 133.00 65.00 198.00 OK
r-patched-linux-x86_64 1.3.1 45.60 29.45 75.05 OK
r-patched-solaris-x86 1.3.1 118.40 OK
r-release-linux-x86_64 1.3.1 46.36 29.88 76.24 OK
r-release-windows-ix86+x86_64 1.3.1 91.00 69.00 160.00 OK
r-release-osx-x86_64 1.3.1 OK
r-oldrel-windows-ix86+x86_64 1.3.1 88.00 64.00 152.00 OK
r-oldrel-osx-x86_64 1.3.1 OK

Check Details

Version: 1.3.1
Check: compiled code
Result: NOTE
    File ‘icensmis/libs/icensmis.so’:
     Found no calls to: ‘R_registerRoutines’, ‘R_useDynamicSymbols’
    
    It is good practice to register native routines and to disable symbol
    search.
    
    See ‘Writing portable packages’ in the ‘Writing R Extensions’ manual.
Flavors: r-devel-linux-x86_64-fedora-clang, r-devel-linux-x86_64-fedora-gcc