CRAN Package Check Results for Package idr

Last updated on 2020-02-16 14:47:49 CET.

Flavor Version Tinstall Tcheck Ttotal Status Flags
r-devel-linux-x86_64-debian-clang 1.2 2.06 21.21 23.27 NOTE
r-devel-linux-x86_64-debian-gcc 1.2 1.83 16.75 18.58 NOTE
r-devel-linux-x86_64-fedora-clang 1.2 29.61 NOTE
r-devel-linux-x86_64-fedora-gcc 1.2 27.76 NOTE
r-devel-windows-ix86+x86_64 1.2 5.00 33.00 38.00 NOTE
r-devel-windows-ix86+x86_64-gcc8 1.2 6.00 46.00 52.00 NOTE
r-patched-linux-x86_64 1.2 1.82 19.40 21.22 NOTE
r-patched-solaris-x86 1.2 39.90 NOTE
r-release-linux-x86_64 1.2 1.67 19.37 21.04 NOTE
r-release-windows-ix86+x86_64 1.2 4.00 44.00 48.00 NOTE
r-release-osx-x86_64 1.2 NOTE
r-oldrel-windows-ix86+x86_64 1.2 3.00 30.00 33.00 NOTE
r-oldrel-osx-x86_64 1.2 NOTE

Check Details

Version: 1.2
Check: DESCRIPTION meta-information
Result: NOTE
    Malformed Description field: should contain one or more complete sentences.
Flavors: r-devel-linux-x86_64-debian-clang, r-devel-linux-x86_64-debian-gcc, r-devel-linux-x86_64-fedora-clang, r-devel-linux-x86_64-fedora-gcc, r-devel-windows-ix86+x86_64, r-devel-windows-ix86+x86_64-gcc8, r-patched-linux-x86_64, r-patched-solaris-x86, r-release-linux-x86_64, r-release-windows-ix86+x86_64, r-release-osx-x86_64, r-oldrel-windows-ix86+x86_64, r-oldrel-osx-x86_64

Version: 1.2
Check: R code for possible problems
Result: NOTE
    comp.uri: no visible global function definition for 'quantile'
    est.IDR: no visible global function definition for 'ecdf'
    get.pseudo.mix: no visible global function definition for 'pnorm'
    get.uri.2d: no visible global function definition for 'smooth.spline'
    get.uri.2d: no visible global function definition for 'predict'
    Undefined global functions or variables:
     ecdf pnorm predict quantile smooth.spline
    Consider adding
     importFrom("stats", "ecdf", "pnorm", "predict", "quantile",
     "smooth.spline")
    to your NAMESPACE file.
Flavors: r-devel-linux-x86_64-debian-clang, r-devel-linux-x86_64-debian-gcc, r-devel-linux-x86_64-fedora-clang, r-devel-linux-x86_64-fedora-gcc, r-devel-windows-ix86+x86_64, r-devel-windows-ix86+x86_64-gcc8, r-patched-linux-x86_64, r-patched-solaris-x86, r-release-linux-x86_64, r-release-windows-ix86+x86_64, r-release-osx-x86_64, r-oldrel-windows-ix86+x86_64, r-oldrel-osx-x86_64