CRAN Package Check Results for Package iemisc

Last updated on 2020-08-08 03:50:43 CEST.

Flavor Version Tinstall Tcheck Ttotal Status Flags
r-devel-linux-x86_64-debian-clang 0.9.9 10.90 66.75 77.65 OK
r-devel-linux-x86_64-debian-gcc 0.9.9 9.47 49.92 59.39 OK
r-devel-linux-x86_64-fedora-clang 0.9.9 101.49 NOTE
r-devel-linux-x86_64-fedora-gcc 0.9.9 93.82 NOTE
r-devel-windows-ix86+x86_64 0.9.9 25.00 104.00 129.00 OK
r-patched-linux-x86_64 0.9.9 10.30 64.64 74.94 OK
r-patched-solaris-x86 0.9.9 134.20 NOTE
r-release-linux-x86_64 0.9.9 9.21 64.68 73.89 OK
r-release-macos-x86_64 0.9.9 NOTE
r-release-windows-ix86+x86_64 0.9.9 23.00 110.00 133.00 OK
r-oldrel-macos-x86_64 0.9.9 NOTE
r-oldrel-windows-ix86+x86_64 0.9.9 21.00 91.00 112.00 OK

Check Details

Version: 0.9.9
Check: dependencies in R code
Result: NOTE
    Namespace in Imports field not imported from: ‘testit’
     All declared Imports should be used.
Flavors: r-devel-linux-x86_64-fedora-clang, r-devel-linux-x86_64-fedora-gcc, r-patched-solaris-x86, r-release-macos-x86_64, r-oldrel-macos-x86_64

Version: 0.9.9
Check: Rd cross-references
Result: NOTE
    Undeclared package ‘matlab’ in Rd xrefs
Flavor: r-devel-linux-x86_64-fedora-clang