CRAN Package Check Results for Package influenceR

Last updated on 2020-02-16 14:47:49 CET.

Flavor Version Tinstall Tcheck Ttotal Status Flags
r-devel-linux-x86_64-debian-clang 0.1.0 4.67 30.42 35.09 OK
r-devel-linux-x86_64-debian-gcc 0.1.0 2.98 23.31 26.29 OK
r-devel-linux-x86_64-fedora-clang 0.1.0 42.36 NOTE
r-devel-linux-x86_64-fedora-gcc 0.1.0 39.75 NOTE
r-devel-windows-ix86+x86_64 0.1.0 13.00 61.00 74.00 OK
r-devel-windows-ix86+x86_64-gcc8 0.1.0 18.00 74.00 92.00 OK
r-patched-linux-x86_64 0.1.0 3.47 26.40 29.87 OK
r-patched-solaris-x86 0.1.0 59.10 OK
r-release-linux-x86_64 0.1.0 3.27 26.43 29.70 OK
r-release-windows-ix86+x86_64 0.1.0 11.00 56.00 67.00 OK
r-release-osx-x86_64 0.1.0 OK
r-oldrel-windows-ix86+x86_64 0.1.0 12.00 69.00 81.00 OK
r-oldrel-osx-x86_64 0.1.0 OK

Additional issues

rchk

Check Details

Version: 0.1.0
Check: compiled code
Result: NOTE
    File ‘influenceR/libs/influenceR.so’:
     Found no calls to: ‘R_registerRoutines’, ‘R_useDynamicSymbols’
    
    It is good practice to register native routines and to disable symbol
    search.
    
    See ‘Writing portable packages’ in the ‘Writing R Extensions’ manual.
Flavors: r-devel-linux-x86_64-fedora-clang, r-devel-linux-x86_64-fedora-gcc