CRAN Package Check Results for Package insight

Last updated on 2020-02-21 14:47:03 CET.

Flavor Version Tinstall Tcheck Ttotal Status Flags
r-devel-linux-x86_64-debian-clang 0.8.1 13.62 189.98 203.60 OK
r-devel-linux-x86_64-debian-gcc 0.8.1 11.08 142.60 153.68 OK
r-devel-linux-x86_64-fedora-clang 0.8.1 246.76 NOTE
r-devel-linux-x86_64-fedora-gcc 0.8.1 235.35 OK
r-devel-windows-ix86+x86_64 0.8.1 26.00 190.00 216.00 OK
r-devel-windows-ix86+x86_64-gcc8 0.8.1 23.00 271.00 294.00 OK
r-patched-linux-x86_64 0.8.1 10.52 163.43 173.95 OK
r-patched-solaris-x86 0.8.1 307.20 OK
r-release-linux-x86_64 0.8.1 10.79 163.50 174.29 OK
r-release-windows-ix86+x86_64 0.8.1 18.00 178.00 196.00 OK
r-release-osx-x86_64 0.8.1 OK
r-oldrel-windows-ix86+x86_64 0.8.1 16.00 167.00 183.00 OK
r-oldrel-osx-x86_64 0.8.1 OK

Check Details

Version: 0.8.1
Check: package dependencies
Result: NOTE
    Suggests orphaned packages:
     ‘mlogit’ ‘plm’
Flavor: r-devel-linux-x86_64-fedora-clang