CRAN Package Check Results for Package insight

Last updated on 2020-09-18 15:52:49 CEST.

Flavor Version Tinstall Tcheck Ttotal Status Flags
r-devel-linux-x86_64-debian-clang 0.9.5 16.65 208.66 225.31 ERROR
r-devel-linux-x86_64-debian-gcc 0.9.5 12.98 156.06 169.04 ERROR
r-devel-linux-x86_64-fedora-clang 0.9.5 296.01 ERROR
r-devel-linux-x86_64-fedora-gcc 0.9.5 285.27 ERROR
r-devel-windows-ix86+x86_64 0.9.5 27.00 266.00 293.00 OK
r-patched-linux-x86_64 0.9.5 15.43 206.45 221.88 NOTE
r-patched-solaris-x86 0.9.5 365.30 ERROR
r-release-linux-x86_64 0.9.5 15.18 205.21 220.39 ERROR
r-release-macos-x86_64 0.9.5 OK
r-release-windows-ix86+x86_64 0.9.5 29.00 274.00 303.00 OK
r-oldrel-macos-x86_64 0.9.5 OK
r-oldrel-windows-ix86+x86_64 0.9.5 21.00 253.00 274.00 OK

Check Details

Version: 0.9.5
Check: tests
Result: ERROR
     Running 'spelling.R' [0s/1s]
     Running 'testthat.R' [110s/121s]
    Running the tests in 'tests/testthat.R' failed.
    Complete output:
     > library(testthat)
     > library(insight)
     >
     > if (length(strsplit(packageDescription("insight")$Version, "\\.")[[1]]) > 3) {
     + Sys.setenv("RunAllinsightTests" = "yes")
     + } else {
     + Sys.setenv("RunAllinsightTests" = "no")
     + }
     >
     > test_check("insight")
     GAM s.wam loop 1: deviance = 66.42095
     GAM s.wam loop 2: deviance = 63.77252
     GAM s.wam loop 3: deviance = 63.25199
     GAM s.wam loop 4: deviance = 63.13399
     GAM s.wam loop 5: deviance = 63.11016
     GAM s.wam loop 6: deviance = 63.10748
     GAM s.wam loop 7: deviance = 63.10727
     GAM s.wam loop 8: deviance = 63.10725
     GAM s.wam loop 9: deviance = 63.10725
     GAMLSS-RS iteration 1: Global Deviance = 4771.925
     GAMLSS-CG iteration 1: Global Deviance = 4771.013
     GAMLSS-CG iteration 2: Global Deviance = 4770.994
     GAMLSS-CG iteration 3: Global Deviance = 4770.994
     Gu & Wahba 4 term additive model
     (Intercept) tensionM tensionH
     36.38889 -10.00000 -14.72222
     Warning: Data frame is empty, probably component 'all' does not exist in the random-part of the model?
     Warning: Data frame is empty, probably you have an intercept-only model?
     Warning: Data frame is empty, probably component 'dispersion' does not exist in the random-part of the model?
     Estimating SMNL model
     -- 1. Error: (unknown) (@test-mixed.R#18) -------------------------------------
     subscript out of bounds
     Backtrace:
     1. afex::mixed(Reaction ~ Days + (1 + Days | Subject), data = sleepstudy)
    
     # weights: 6 (5 variable)
     initial value 131.004817
     iter 10 value 108.535568
     final value 108.535541
     converged
     VGLM linear loop 1 : deviance = 5.181115
     VGLM linear loop 2 : deviance = 5.129147
     VGLM linear loop 3 : deviance = 5.129141
     VGLM linear loop 4 : deviance = 5.129141
     == testthat results ===========================================================
     [ OK: 1861 | SKIPPED: 5 | WARNINGS: 5 | FAILED: 1 ]
     1. Error: (unknown) (@test-mixed.R#18)
    
     Error: testthat unit tests failed
     Execution halted
Flavor: r-devel-linux-x86_64-debian-clang

Version: 0.9.5
Check: tests
Result: ERROR
     Running ‘spelling.R’ [0s/1s]
     Running ‘testthat.R’ [82s/120s]
    Running the tests in ‘tests/testthat.R’ failed.
    Complete output:
     > library(testthat)
     > library(insight)
     >
     > if (length(strsplit(packageDescription("insight")$Version, "\\.")[[1]]) > 3) {
     + Sys.setenv("RunAllinsightTests" = "yes")
     + } else {
     + Sys.setenv("RunAllinsightTests" = "no")
     + }
     >
     > test_check("insight")
     GAM s.wam loop 1: deviance = 66.42095
     GAM s.wam loop 2: deviance = 63.77252
     GAM s.wam loop 3: deviance = 63.25199
     GAM s.wam loop 4: deviance = 63.13399
     GAM s.wam loop 5: deviance = 63.11016
     GAM s.wam loop 6: deviance = 63.10748
     GAM s.wam loop 7: deviance = 63.10727
     GAM s.wam loop 8: deviance = 63.10725
     GAM s.wam loop 9: deviance = 63.10725
     GAMLSS-RS iteration 1: Global Deviance = 4771.925
     GAMLSS-CG iteration 1: Global Deviance = 4771.013
     GAMLSS-CG iteration 2: Global Deviance = 4770.994
     GAMLSS-CG iteration 3: Global Deviance = 4770.994
     Gu & Wahba 4 term additive model
     (Intercept) tensionM tensionH
     36.38889 -10.00000 -14.72222
     Warning: Data frame is empty, probably component 'all' does not exist in the random-part of the model?
     Warning: Data frame is empty, probably you have an intercept-only model?
     Warning: Data frame is empty, probably component 'dispersion' does not exist in the random-part of the model?
     Estimating SMNL model
     ── 1. Error: (unknown) (@test-mixed.R#18) ─────────────────────────────────────
     subscript out of bounds
     Backtrace:
     1. afex::mixed(Reaction ~ Days + (1 + Days | Subject), data = sleepstudy)
    
     # weights: 6 (5 variable)
     initial value 131.004817
     iter 10 value 108.535568
     final value 108.535541
     converged
     VGLM linear loop 1 : deviance = 5.181115
     VGLM linear loop 2 : deviance = 5.129147
     VGLM linear loop 3 : deviance = 5.129141
     VGLM linear loop 4 : deviance = 5.129141
     ══ testthat results ═══════════════════════════════════════════════════════════
     [ OK: 1861 | SKIPPED: 5 | WARNINGS: 5 | FAILED: 1 ]
     1. Error: (unknown) (@test-mixed.R#18)
    
     Error: testthat unit tests failed
     Execution halted
Flavor: r-devel-linux-x86_64-debian-gcc

Version: 0.9.5
Check: tests
Result: ERROR
     Running ‘spelling.R’
     Running ‘testthat.R’ [134s/561s]
    Running the tests in ‘tests/testthat.R’ failed.
    Complete output:
     > library(testthat)
     > library(insight)
     >
     > if (length(strsplit(packageDescription("insight")$Version, "\\.")[[1]]) > 3) {
     + Sys.setenv("RunAllinsightTests" = "yes")
     + } else {
     + Sys.setenv("RunAllinsightTests" = "no")
     + }
     >
     > test_check("insight")
     GAM s.wam loop 1: deviance = 66.42095
     GAM s.wam loop 2: deviance = 63.77252
     GAM s.wam loop 3: deviance = 63.25199
     GAM s.wam loop 4: deviance = 63.13399
     GAM s.wam loop 5: deviance = 63.11016
     GAM s.wam loop 6: deviance = 63.10748
     GAM s.wam loop 7: deviance = 63.10727
     GAM s.wam loop 8: deviance = 63.10725
     GAM s.wam loop 9: deviance = 63.10725
     GAMLSS-RS iteration 1: Global Deviance = 4771.925
     GAMLSS-CG iteration 1: Global Deviance = 4771.013
     GAMLSS-CG iteration 2: Global Deviance = 4770.994
     GAMLSS-CG iteration 3: Global Deviance = 4770.994
     Gu & Wahba 4 term additive model
     (Intercept) tensionM tensionH
     36.38889 -10.00000 -14.72222
     Warning: Data frame is empty, probably component 'all' does not exist in the random-part of the model?
     Warning: Data frame is empty, probably you have an intercept-only model?
     Warning: Data frame is empty, probably component 'dispersion' does not exist in the random-part of the model?
     Estimating SMNL model
     ── 1. Error: (unknown) (@test-mixed.R#18) ─────────────────────────────────────
     subscript out of bounds
     Backtrace:
     1. afex::mixed(Reaction ~ Days + (1 + Days | Subject), data = sleepstudy)
    
     # weights: 6 (5 variable)
     initial value 131.004817
     iter 10 value 108.535568
     final value 108.535541
     converged
     VGLM linear loop 1 : deviance = 5.181115
     VGLM linear loop 2 : deviance = 5.129147
     VGLM linear loop 3 : deviance = 5.129141
     VGLM linear loop 4 : deviance = 5.129141
     ══ testthat results ═══════════════════════════════════════════════════════════
     [ OK: 1861 | SKIPPED: 5 | WARNINGS: 5 | FAILED: 1 ]
     1. Error: (unknown) (@test-mixed.R#18)
    
     Error: testthat unit tests failed
     Execution halted
Flavor: r-devel-linux-x86_64-fedora-clang

Version: 0.9.5
Check: tests
Result: ERROR
     Running ‘spelling.R’
     Running ‘testthat.R’ [134s/190s]
    Running the tests in ‘tests/testthat.R’ failed.
    Complete output:
     > library(testthat)
     > library(insight)
     >
     > if (length(strsplit(packageDescription("insight")$Version, "\\.")[[1]]) > 3) {
     + Sys.setenv("RunAllinsightTests" = "yes")
     + } else {
     + Sys.setenv("RunAllinsightTests" = "no")
     + }
     >
     > test_check("insight")
     GAM s.wam loop 1: deviance = 66.42095
     GAM s.wam loop 2: deviance = 63.77252
     GAM s.wam loop 3: deviance = 63.25199
     GAM s.wam loop 4: deviance = 63.13399
     GAM s.wam loop 5: deviance = 63.11016
     GAM s.wam loop 6: deviance = 63.10748
     GAM s.wam loop 7: deviance = 63.10727
     GAM s.wam loop 8: deviance = 63.10725
     GAM s.wam loop 9: deviance = 63.10725
     GAMLSS-RS iteration 1: Global Deviance = 4771.925
     GAMLSS-CG iteration 1: Global Deviance = 4771.013
     GAMLSS-CG iteration 2: Global Deviance = 4770.994
     GAMLSS-CG iteration 3: Global Deviance = 4770.994
     Gu & Wahba 4 term additive model
     (Intercept) tensionM tensionH
     36.38889 -10.00000 -14.72222
     Warning: Data frame is empty, probably component 'all' does not exist in the random-part of the model?
     Warning: Data frame is empty, probably you have an intercept-only model?
     Warning: Data frame is empty, probably component 'dispersion' does not exist in the random-part of the model?
     Estimating SMNL model
     ── 1. Error: (unknown) (@test-mixed.R#18) ─────────────────────────────────────
     subscript out of bounds
     Backtrace:
     1. afex::mixed(Reaction ~ Days + (1 + Days | Subject), data = sleepstudy)
    
     # weights: 6 (5 variable)
     initial value 131.004817
     iter 10 value 108.535568
     final value 108.535541
     converged
     VGLM linear loop 1 : deviance = 5.181115
     VGLM linear loop 2 : deviance = 5.129147
     VGLM linear loop 3 : deviance = 5.129141
     VGLM linear loop 4 : deviance = 5.129141
     ══ testthat results ═══════════════════════════════════════════════════════════
     [ OK: 1861 | SKIPPED: 5 | WARNINGS: 5 | FAILED: 1 ]
     1. Error: (unknown) (@test-mixed.R#18)
    
     Error: testthat unit tests failed
     Execution halted
Flavor: r-devel-linux-x86_64-fedora-gcc

Version: 0.9.5
Check: package dependencies
Result: NOTE
    Package suggested but not available for checking: ‘blavaan’
Flavor: r-patched-linux-x86_64

Version: 0.9.5
Check: tests
Result: ERROR
     Running ‘spelling.R’
     Running ‘testthat.R’ [188s/255s]
    Running the tests in ‘tests/testthat.R’ failed.
    Complete output:
     > library(testthat)
     > library(insight)
     >
     > if (length(strsplit(packageDescription("insight")$Version, "\\.")[[1]]) > 3) {
     + Sys.setenv("RunAllinsightTests" = "yes")
     + } else {
     + Sys.setenv("RunAllinsightTests" = "no")
     + }
     >
     > test_check("insight")
     GAM s.wam loop 1: deviance = 66.42095
     GAM s.wam loop 2: deviance = 63.77252
     GAM s.wam loop 3: deviance = 63.25199
     GAM s.wam loop 4: deviance = 63.13399
     GAM s.wam loop 5: deviance = 63.11016
     GAM s.wam loop 6: deviance = 63.10748
     GAM s.wam loop 7: deviance = 63.10727
     GAM s.wam loop 8: deviance = 63.10725
     GAM s.wam loop 9: deviance = 63.10725
     GAMLSS-RS iteration 1: Global Deviance = 4771.925
     GAMLSS-CG iteration 1: Global Deviance = 4771.013
     GAMLSS-CG iteration 2: Global Deviance = 4770.994
     GAMLSS-CG iteration 3: Global Deviance = 4770.994
     Gu & Wahba 4 term additive model
     (Intercept) tensionM tensionH
     36.38889 -10.00000 -14.72222
     Warning: Data frame is empty, probably component 'all' does not exist in the random-part of the model?
     Warning: Data frame is empty, probably you have an intercept-only model?
     Warning: Data frame is empty, probably component 'dispersion' does not exist in the random-part of the model?
     Estimating SMNL model
     ── 1. Error: (unknown) (@test-mixed.R#18) ─────────────────────────────────────
     subscript out of bounds
     Backtrace:
     1. afex::mixed(Reaction ~ Days + (1 + Days | Subject), data = sleepstudy)
    
     # weights: 6 (5 variable)
     initial value 131.004817
     iter 10 value 108.535568
     final value 108.535541
     converged
     VGLM linear loop 1 : deviance = 5.181115
     VGLM linear loop 2 : deviance = 5.129147
     VGLM linear loop 3 : deviance = 5.129141
     VGLM linear loop 4 : deviance = 5.129141
     ══ testthat results ═══════════════════════════════════════════════════════════
     [ OK: 1861 | SKIPPED: 5 | WARNINGS: 5 | FAILED: 1 ]
     1. Error: (unknown) (@test-mixed.R#18)
    
     Error: testthat unit tests failed
     Execution halted
Flavor: r-patched-solaris-x86

Version: 0.9.5
Check: tests
Result: ERROR
     Running ‘spelling.R’ [0s/1s]
     Running ‘testthat.R’ [106s/119s]
    Running the tests in ‘tests/testthat.R’ failed.
    Complete output:
     > library(testthat)
     > library(insight)
     >
     > if (length(strsplit(packageDescription("insight")$Version, "\\.")[[1]]) > 3) {
     + Sys.setenv("RunAllinsightTests" = "yes")
     + } else {
     + Sys.setenv("RunAllinsightTests" = "no")
     + }
     >
     > test_check("insight")
     GAM s.wam loop 1: deviance = 66.42095
     GAM s.wam loop 2: deviance = 63.77252
     GAM s.wam loop 3: deviance = 63.25199
     GAM s.wam loop 4: deviance = 63.13399
     GAM s.wam loop 5: deviance = 63.11016
     GAM s.wam loop 6: deviance = 63.10748
     GAM s.wam loop 7: deviance = 63.10727
     GAM s.wam loop 8: deviance = 63.10725
     GAM s.wam loop 9: deviance = 63.10725
     GAMLSS-RS iteration 1: Global Deviance = 4771.925
     GAMLSS-CG iteration 1: Global Deviance = 4771.013
     GAMLSS-CG iteration 2: Global Deviance = 4770.994
     GAMLSS-CG iteration 3: Global Deviance = 4770.994
     Gu & Wahba 4 term additive model
     (Intercept) tensionM tensionH
     36.38889 -10.00000 -14.72222
     Warning: Data frame is empty, probably component 'all' does not exist in the random-part of the model?
     Warning: Data frame is empty, probably you have an intercept-only model?
     Warning: Data frame is empty, probably component 'dispersion' does not exist in the random-part of the model?
     Estimating SMNL model
     ── 1. Error: (unknown) (@test-mixed.R#18) ─────────────────────────────────────
     subscript out of bounds
     Backtrace:
     1. afex::mixed(Reaction ~ Days + (1 + Days | Subject), data = sleepstudy)
    
     # weights: 6 (5 variable)
     initial value 131.004817
     iter 10 value 108.535568
     final value 108.535541
     converged
     VGLM linear loop 1 : deviance = 5.181115
     VGLM linear loop 2 : deviance = 5.129147
     VGLM linear loop 3 : deviance = 5.129141
     VGLM linear loop 4 : deviance = 5.129141
     ══ testthat results ═══════════════════════════════════════════════════════════
     [ OK: 1861 | SKIPPED: 5 | WARNINGS: 5 | FAILED: 1 ]
     1. Error: (unknown) (@test-mixed.R#18)
    
     Error: testthat unit tests failed
     Execution halted
Flavor: r-release-linux-x86_64