CRAN Package Check Results for Package intensity.analysis

Last updated on 2019-09-23 03:48:59 CEST.

Flavor Version Tinstall Tcheck Ttotal Status Flags
r-devel-linux-x86_64-debian-clang 0.1.6 9.83 114.76 124.59 OK
r-devel-linux-x86_64-debian-gcc 0.1.6 7.81 87.59 95.40 OK
r-devel-linux-x86_64-fedora-clang 0.1.6 145.34 NOTE
r-devel-linux-x86_64-fedora-gcc 0.1.6 144.65 NOTE
r-devel-windows-ix86+x86_64 0.1.6 38.00 160.00 198.00 OK
r-patched-linux-x86_64 0.1.6 7.98 106.98 114.96 OK
r-patched-solaris-x86 0.1.6 212.20 NOTE
r-release-linux-x86_64 0.1.6 9.01 108.00 117.01 OK
r-release-windows-ix86+x86_64 0.1.6 30.00 144.00 174.00 OK
r-release-osx-x86_64 0.1.6 NOTE
r-oldrel-windows-ix86+x86_64 0.1.6 10.00 102.00 112.00 OK
r-oldrel-osx-x86_64 0.1.6 NOTE

Check Details

Version: 0.1.6
Check: dependencies in R code
Result: NOTE
    Namespace in Imports field not imported from: ‘grDevices’
     All declared Imports should be used.
Flavors: r-devel-linux-x86_64-fedora-clang, r-devel-linux-x86_64-fedora-gcc, r-patched-solaris-x86, r-release-osx-x86_64, r-oldrel-osx-x86_64