CRAN Package Check Results for Package intercure

Last updated on 2019-09-18 15:47:05 CEST.

Flavor Version Tinstall Tcheck Ttotal Status Flags
r-devel-linux-x86_64-debian-clang 0.1.0 3.12 232.11 235.23 NOTE
r-devel-linux-x86_64-debian-gcc 0.1.0 2.63 172.20 174.83 NOTE
r-devel-linux-x86_64-fedora-clang 0.1.0 264.16 OK
r-devel-linux-x86_64-fedora-gcc 0.1.0 250.02 OK
r-devel-windows-ix86+x86_64 0.1.0 13.00 225.00 238.00 NOTE
r-patched-linux-x86_64 0.1.0 3.08 222.52 225.60 OK
r-patched-solaris-x86 0.1.0 320.70 OK
r-release-linux-x86_64 0.1.0 3.72 226.55 230.27 OK
r-release-windows-ix86+x86_64 0.1.0 7.00 302.00 309.00 OK
r-release-osx-x86_64 0.1.0 OK
r-oldrel-windows-ix86+x86_64 0.1.0 4.00 217.00 221.00 OK
r-oldrel-osx-x86_64 0.1.0 OK

Check Details

Version: 0.1.0
Check: package vignettes
Result: NOTE
    Package vignette with placeholder title 'Vignette Title':
     'intercure.Rmd'
Flavors: r-devel-linux-x86_64-debian-clang, r-devel-linux-x86_64-debian-gcc, r-devel-windows-ix86+x86_64