Last updated on 2021-01-17 14:48:51 CET.
Flavor | Version | Tinstall | Tcheck | Ttotal | Status | Flags |
---|---|---|---|---|---|---|
r-devel-linux-x86_64-debian-clang | 0.2.2 | 222.42 | 55.07 | 277.49 | OK | |
r-devel-linux-x86_64-debian-gcc | 0.2.2 | 158.21 | 41.83 | 200.04 | OK | |
r-devel-linux-x86_64-fedora-clang | 0.2.2 | 395.56 | NOTE | |||
r-devel-linux-x86_64-fedora-gcc | 0.2.2 | 387.80 | OK | |||
r-devel-windows-ix86+x86_64 | 0.2.2 | 342.00 | 107.00 | 449.00 | OK | |
r-patched-linux-x86_64 | 0.2.2 | 181.28 | 51.74 | 233.02 | OK | |
r-patched-solaris-x86 | 0.2.2 | 293.00 | OK | |||
r-release-linux-x86_64 | 0.2.2 | 175.59 | 52.00 | 227.59 | OK | |
r-release-macos-x86_64 | 0.2.2 | NOTE | ||||
r-release-windows-ix86+x86_64 | 0.2.2 | 478.00 | 112.00 | 590.00 | OK | |
r-oldrel-macos-x86_64 | 0.2.2 | NOTE | ||||
r-oldrel-windows-ix86+x86_64 | 0.2.2 | 423.00 | 123.00 | 546.00 | OK |
Version: 0.2.2
Check: installed package size
Result: NOTE
installed size is 16.5Mb
sub-directories of 1Mb or more:
libs 15.8Mb
Flavors: r-devel-linux-x86_64-fedora-clang, r-release-macos-x86_64, r-oldrel-macos-x86_64