CRAN Package Check Results for Package isva

Last updated on 2020-04-07 03:48:13 CEST.

Flavor Version Tinstall Tcheck Ttotal Status Flags
r-devel-linux-x86_64-debian-clang 1.9 5.25 44.05 49.30 NOTE
r-devel-linux-x86_64-debian-gcc 1.9 4.09 33.57 37.66 NOTE
r-devel-linux-x86_64-fedora-clang 1.9 57.59 NOTE
r-devel-linux-x86_64-fedora-gcc 1.9 64.80 NOTE
r-devel-windows-ix86+x86_64 1.9 20.00 141.00 161.00 OK
r-devel-windows-ix86+x86_64-gcc8 1.9 11.00 60.00 71.00 OK
r-patched-linux-x86_64 1.9 5.16 41.59 46.75 NOTE
r-patched-solaris-x86 1.9 85.20 NOTE
r-release-linux-x86_64 1.9 4.14 38.08 42.22 OK
r-release-windows-ix86+x86_64 1.9 10.00 87.00 97.00 OK
r-release-osx-x86_64 1.9 OK
r-oldrel-windows-ix86+x86_64 1.9 14.00 56.00 70.00 OK
r-oldrel-osx-x86_64 1.9 OK

Check Details

Version: 1.9
Check: for non-standard things in the check directory
Result: NOTE
    Found the following files/directories:
     'RMTplot.pdf'
Flavors: r-devel-linux-x86_64-debian-clang, r-devel-linux-x86_64-debian-gcc, r-devel-linux-x86_64-fedora-clang, r-devel-linux-x86_64-fedora-gcc, r-patched-linux-x86_64, r-patched-solaris-x86