CRAN Package Check Results for Package jSDM

Last updated on 2020-05-27 15:47:16 CEST.

Flavor Version Tinstall Tcheck Ttotal Status Flags
r-devel-linux-x86_64-debian-clang 0.1.0 60.89 81.97 142.86 OK
r-devel-linux-x86_64-debian-gcc 0.1.0 48.28 61.52 109.80 OK
r-devel-linux-x86_64-fedora-clang 0.1.0 185.09 NOTE
r-devel-linux-x86_64-fedora-gcc 0.1.0 175.44 NOTE
r-devel-windows-ix86+x86_64 0.1.0 147.00 148.00 295.00 OK
r-patched-linux-x86_64 0.1.0 49.80 79.99 129.79 OK
r-patched-solaris-x86 0.1.0 214.70 OK
r-release-linux-x86_64 0.1.0 47.67 79.25 126.92 OK
r-release-osx-x86_64 0.1.0 NOTE
r-release-windows-ix86+x86_64 0.1.0 117.00 191.00 308.00 OK
r-oldrel-osx-x86_64 0.1.0 NOTE
r-oldrel-windows-ix86+x86_64 0.1.0 138.00 155.00 293.00 OK

Check Details

Version: 0.1.0
Check: top-level files
Result: NOTE
    ‘cleanup’: /bin/bash is not portable
Flavors: r-devel-linux-x86_64-fedora-clang, r-devel-linux-x86_64-fedora-gcc

Version: 0.1.0
Check: installed package size
Result: NOTE
     installed size is 6.0Mb
     sub-directories of 1Mb or more:
     doc 1.5Mb
     libs 4.2Mb
Flavors: r-release-osx-x86_64, r-oldrel-osx-x86_64