CRAN Package Check Results for Package jarbes

Last updated on 2020-07-14 03:47:52 CEST.

Flavor Version Tinstall Tcheck Ttotal Status Flags
r-devel-linux-x86_64-debian-clang 1.7.2 3.37 30.38 33.75 OK
r-devel-linux-x86_64-debian-gcc 1.7.2 2.54 24.04 26.58 OK
r-devel-linux-x86_64-fedora-clang 1.7.2 48.48 NOTE
r-devel-linux-x86_64-fedora-gcc 1.7.2 41.49 NOTE
r-devel-windows-ix86+x86_64 1.7.2 10.00 61.00 71.00 OK
r-patched-linux-x86_64 1.7.2 3.69 30.20 33.89 OK
r-patched-solaris-x86 1.7.2 63.60 NOTE
r-release-linux-x86_64 1.7.2 3.42 30.02 33.44 OK
r-release-macos-x86_64 1.7.2 FAIL
r-release-windows-ix86+x86_64 1.7.2 16.00 46.00 62.00 OK
r-oldrel-macos-x86_64 1.7.2 NOTE
r-oldrel-windows-ix86+x86_64 1.7.2 12.00 68.00 80.00 OK

Check Details

Version: 1.7.2
Check: dependencies in R code
Result: NOTE
    Namespaces in Imports field not imported from:
     ‘MASS’ ‘ggExtra’ ‘ggplot2’ ‘grid’ ‘gridExtra’ ‘mcmcplots’
     All declared Imports should be used.
Flavors: r-devel-linux-x86_64-fedora-clang, r-devel-linux-x86_64-fedora-gcc, r-patched-solaris-x86, r-oldrel-macos-x86_64

Version: 1.7.2
Check: DESCRIPTION meta-information
Result: FAIL
Flavor: r-release-macos-x86_64