CRAN Package Check Results for Package joinXL

Last updated on 2019-12-15 02:48:11 CET.

Flavor Version Tinstall Tcheck Ttotal Status Flags
r-devel-linux-x86_64-debian-clang 1.0.1 7.99 64.08 72.07 OK
r-devel-linux-x86_64-debian-gcc 1.0.1 5.87 47.84 53.71 OK
r-devel-linux-x86_64-fedora-clang 1.0.1 89.84 OK
r-devel-linux-x86_64-fedora-gcc 1.0.1 81.69 OK
r-devel-windows-ix86+x86_64 1.0.1 8.00 8.00 16.00 ERROR
r-devel-windows-ix86+x86_64-gcc8 1.0.1 10.00 8.00 18.00 ERROR
r-patched-linux-x86_64 1.0.1 6.37 55.04 61.41 OK
r-patched-solaris-x86 1.0.1 113.40 OK
r-release-linux-x86_64 1.0.1 5.74 55.13 60.87 OK
r-release-windows-ix86+x86_64 1.0.1 12.00 67.00 79.00 OK
r-release-osx-x86_64 1.0.1 OK
r-oldrel-windows-ix86+x86_64 1.0.1 6.00 60.00 66.00 OK
r-oldrel-osx-x86_64 1.0.1 OK

Check Details

Version: 1.0.1
Check: whether package can be installed
Result: ERROR
    Installation failed.
Flavors: r-devel-windows-ix86+x86_64, r-devel-windows-ix86+x86_64-gcc8