CRAN Package Check Results for Package joinXL

Last updated on 2020-07-15 03:46:49 CEST.

Flavor Version Tinstall Tcheck Ttotal Status Flags
r-devel-linux-x86_64-debian-clang 1.0.1 6.50 63.88 70.38 OK
r-devel-linux-x86_64-debian-gcc 1.0.1 5.06 47.60 52.66 OK
r-devel-linux-x86_64-fedora-clang 1.0.1 94.52 OK
r-devel-linux-x86_64-fedora-gcc 1.0.1 90.34 OK
r-devel-windows-ix86+x86_64 1.0.1 26.00 104.00 130.00 OK
r-patched-linux-x86_64 1.0.1 6.84 61.15 67.99 OK
r-patched-solaris-x86 1.0.1 142.10 OK
r-release-linux-x86_64 1.0.1 6.10 63.22 69.32 OK
r-release-macos-x86_64 1.0.1 ERROR
r-release-windows-ix86+x86_64 1.0.1 25.00 72.00 97.00 OK
r-oldrel-macos-x86_64 1.0.1 OK
r-oldrel-windows-ix86+x86_64 1.0.1 19.00 96.00 115.00 OK

Check Details

Version: 1.0.1
Check: whether package can be installed
Result: ERROR
    Installation failed.
Flavor: r-release-macos-x86_64