CRAN Package Check Results for Package jsonlite

Last updated on 2020-05-30 15:48:22 CEST.

Flavor Version Tinstall Tcheck Ttotal Status Flags
r-devel-linux-x86_64-debian-clang 1.6.1 8.08 45.38 53.46 OK
r-devel-linux-x86_64-debian-gcc 1.6.1 6.40 35.92 42.32 OK
r-devel-linux-x86_64-fedora-clang 1.6.1 67.24 OK
r-devel-linux-x86_64-fedora-gcc 1.6.1 67.86 OK
r-devel-windows-ix86+x86_64 1.6.1 45.00 99.00 144.00 OK
r-patched-linux-x86_64 1.6.1 5.97 46.15 52.12 OK
r-patched-solaris-x86 1.6.1 91.90 WARN
r-release-linux-x86_64 1.6.1 6.19 46.38 52.57 OK
r-release-osx-x86_64 1.6.1 OK
r-release-windows-ix86+x86_64 1.6.1 36.00 202.00 238.00 OK
r-oldrel-osx-x86_64 1.6.1 OK
r-oldrel-windows-ix86+x86_64 1.6.1 140.00 82.00 222.00 OK

Check Details

Version: 1.6.1
Check: for unstated dependencies in ‘tests’
Result: WARN
    Warning in deparse(e[[2L]]) :
     it is not known that wchar_t is Unicode on this platform
    Warning in deparse(e[[2L]]) :
     it is not known that wchar_t is Unicode on this platform
    Warning in deparse(e[[2L]]) :
     it is not known that wchar_t is Unicode on this platform
    Warning in deparse(e[[2L]]) :
     it is not known that wchar_t is Unicode on this platform
    Warning in deparse(e[[2L]]) :
     it is not known that wchar_t is Unicode on this platform
    Warning in deparse(e[[2L]]) :
     it is not known that wchar_t is Unicode on this platform
    Warning in deparse(e[[2L]]) :
     it is not known that wchar_t is Unicode on this platform
    Warning in deparse(e[[2L]]) :
     it is not known that wchar_t is Unicode on this platform
    Warning in deparse(e[[2L]]) :
     it is not known that wchar_t is Unicode on this platform
    Warning in deparse(e[[2L]]) :
     it is not known that wchar_t is Unicode on this platform
Flavor: r-patched-solaris-x86