CRAN Package Check Results for Package jsonlite

Last updated on 2019-11-11 14:46:36 CET.

Flavor Version Tinstall Tcheck Ttotal Status Flags
r-devel-linux-x86_64-debian-clang 1.6 8.87 44.40 53.27 OK
r-devel-linux-x86_64-debian-gcc 1.6 5.52 35.48 41.00 OK
r-devel-linux-x86_64-fedora-clang 1.6 66.99 OK
r-devel-linux-x86_64-fedora-gcc 1.6 65.16 OK
r-devel-windows-ix86+x86_64 1.6 44.00 78.00 122.00 OK
r-patched-linux-x86_64 1.6 4.49 43.20 47.69 OK
r-patched-solaris-x86 1.6 80.80 WARN
r-release-linux-x86_64 1.6 5.18 43.55 48.73 OK
r-release-windows-ix86+x86_64 1.6 55.00 101.00 156.00 OK
r-release-osx-x86_64 1.6 OK
r-oldrel-windows-ix86+x86_64 1.6 59.00 89.00 148.00 OK
r-oldrel-osx-x86_64 1.6 OK

Additional issues

LTO

Check Details

Version: 1.6
Check: for unstated dependencies in ‘tests’
Result: WARN
    Warning in deparse(e[[2L]]) :
     it is not known that wchar_t is Unicode on this platform
    Warning in deparse(e[[2L]]) :
     it is not known that wchar_t is Unicode on this platform
    Warning in deparse(e[[2L]]) :
     it is not known that wchar_t is Unicode on this platform
    Warning in deparse(e[[2L]]) :
     it is not known that wchar_t is Unicode on this platform
    Warning in deparse(e[[2L]]) :
     it is not known that wchar_t is Unicode on this platform
    Warning in deparse(e[[2L]]) :
     it is not known that wchar_t is Unicode on this platform
    Warning in deparse(e[[2L]]) :
     it is not known that wchar_t is Unicode on this platform
    Warning in deparse(e[[2L]]) :
     it is not known that wchar_t is Unicode on this platform
    Warning in deparse(e[[2L]]) :
     it is not known that wchar_t is Unicode on this platform
    Warning in deparse(e[[2L]]) :
     it is not known that wchar_t is Unicode on this platform
Flavor: r-patched-solaris-x86