CRAN Package Check Results for Package kernscr

Last updated on 2020-04-04 15:48:21 CEST.

Flavor Version Tinstall Tcheck Ttotal Status Flags
r-devel-linux-x86_64-debian-clang 1.0.5 2.97 25.20 28.17 OK
r-devel-linux-x86_64-debian-gcc 1.0.5 2.53 20.94 23.47 OK
r-devel-linux-x86_64-fedora-clang 1.0.5 33.79 OK
r-devel-linux-x86_64-fedora-gcc 1.0.5 35.08 OK
r-devel-windows-ix86+x86_64 1.0.5 8.00 37.00 45.00 OK
r-devel-windows-ix86+x86_64-gcc8 1.0.5 6.00 38.00 44.00 OK
r-patched-linux-x86_64 1.0.5 3.01 24.65 27.66 OK
r-patched-solaris-x86 1.0.5 51.80 OK
r-release-linux-x86_64 1.0.5 2.59 23.08 25.67 OK
r-release-windows-ix86+x86_64 1.0.5 5.00 53.00 58.00 OK
r-release-osx-x86_64 1.0.5 NOTE
r-oldrel-windows-ix86+x86_64 1.0.5 5.00 35.00 40.00 OK
r-oldrel-osx-x86_64 1.0.5 OK

Check Details

Version: 1.0.5
Check: package dependencies
Result: NOTE
    Package suggested but not available for checking: ‘org.Hs.eg.db’
Flavor: r-release-osx-x86_64