CRAN Package Check Results for Package kineticF

Last updated on 2019-11-22 14:47:29 CET.

Flavor Version Tinstall Tcheck Ttotal Status Flags
r-devel-linux-x86_64-debian-clang 1.0 NOTE
r-devel-linux-x86_64-debian-gcc 1.0 3.55 30.05 33.60 NOTE
r-devel-linux-x86_64-fedora-clang 1.0 48.47 NOTE
r-devel-linux-x86_64-fedora-gcc 1.0 48.53 NOTE
r-devel-windows-ix86+x86_64 1.0 20.00 73.00 93.00 NOTE
r-devel-windows-ix86+x86_64-gcc8 1.0 20.00 57.00 77.00 NOTE
r-patched-linux-x86_64 1.0 4.80 34.96 39.76 NOTE
r-patched-solaris-x86 1.0 72.80 NOTE
r-release-linux-x86_64 1.0 3.49 34.94 38.43 NOTE
r-release-windows-ix86+x86_64 1.0 11.00 53.00 64.00 NOTE
r-release-osx-x86_64 1.0 NOTE
r-oldrel-windows-ix86+x86_64 1.0 6.00 80.00 86.00 NOTE
r-oldrel-osx-x86_64 1.0 NOTE

Check Details

Version: 1.0
Check: R code for possible problems
Result: NOTE
    delete.points: no visible global function definition for 'title'
    delete.points: no visible global function definition for 'points'
    delete.points: no visible global function definition for 'identify'
    kFcheck: no visible global function definition for 'title'
    kFcheck: no visible global function definition for 'points'
    kFcheck: no visible global function definition for 'lines'
    kFquant: no visible binding for global variable 'na.omit'
    kFquant: no visible global function definition for 'polygon'
    kFquant: no visible global function definition for 'text'
    kFquant: no visible global function definition for 'par'
    kFquant: no visible global function definition for 'lines'
    kFsubj: no visible global function definition for 'data'
    kFsubj: no visible binding for global variable 'M0001RGIII4e'
    kFsubj: no visible binding for global variable 'M0001RGI4e'
    kFsubj: no visible binding for global variable 'M0001RGblind'
    kFsubj: no visible global function definition for 'points'
    kFsubj: no visible global function definition for 'lines'
    kFsubj: no visible global function definition for 'identify'
    kFsubj: no visible global function definition for 'dist'
    kFsubj: no visible global function definition for 'mtext'
    kFsubj: no visible global function definition for 'title'
    kf.sort: no visible global function definition for 'lines'
    kf.sort: no visible binding for global variable 'quantile'
    kf.sort: no visible global function definition for 'polygon'
    kf.sort: no visible global function definition for 'na.omit'
    set.template: no visible global function definition for 'par'
    set.template: no visible global function definition for 'polygon'
    set.template: no visible global function definition for 'segments'
    set.template: no visible global function definition for 'text'
    stop.identify: no visible global function definition for 'title'
    stop.identify: no visible global function definition for 'points'
    stop.identify: no visible global function definition for 'identify'
    Undefined global functions or variables:
     M0001RGI4e M0001RGIII4e M0001RGblind data dist identify lines mtext
     na.omit par points polygon quantile segments text title
    Consider adding
     importFrom("graphics", "identify", "lines", "mtext", "par", "points",
     "polygon", "segments", "text", "title")
     importFrom("stats", "dist", "na.omit", "quantile")
     importFrom("utils", "data")
    to your NAMESPACE file.
Flavors: r-devel-linux-x86_64-debian-clang, r-devel-linux-x86_64-debian-gcc, r-devel-linux-x86_64-fedora-clang, r-devel-linux-x86_64-fedora-gcc, r-devel-windows-ix86+x86_64, r-devel-windows-ix86+x86_64-gcc8, r-patched-linux-x86_64, r-patched-solaris-x86, r-release-linux-x86_64, r-release-windows-ix86+x86_64, r-release-osx-x86_64, r-oldrel-windows-ix86+x86_64, r-oldrel-osx-x86_64