CRAN Package Check Results for Package klustR

Last updated on 2019-12-15 02:48:12 CET.

Flavor Version Tinstall Tcheck Ttotal Status Flags
r-devel-linux-x86_64-debian-clang 0.1.0 2.49 25.18 27.67 OK
r-devel-linux-x86_64-debian-gcc 0.1.0 2.11 20.34 22.45 OK
r-devel-linux-x86_64-fedora-clang 0.1.0 35.81 OK
r-devel-linux-x86_64-fedora-gcc 0.1.0 34.48 OK
r-devel-windows-ix86+x86_64 0.1.0 6.00 49.00 55.00 OK
r-devel-windows-ix86+x86_64-gcc8 0.1.0 8.00 59.00 67.00 OK
r-patched-linux-x86_64 0.1.0 2.54 23.19 25.73 OK
r-patched-solaris-x86 0.1.0 50.90 OK
r-release-linux-x86_64 0.1.0 2.54 23.33 25.87 OK
r-release-windows-ix86+x86_64 0.1.0 6.00 42.00 48.00 OK
r-release-osx-x86_64 0.1.0 OK
r-oldrel-osx-x86_64 0.1.0 ERROR

Check Details

Version: 0.1.0
Check: whether package can be installed
Result: ERROR
    Installation failed.
Flavor: r-oldrel-osx-x86_64