CRAN Package Check Results for Package kmlShape

Last updated on 2019-12-05 14:48:48 CET.

Flavor Version Tinstall Tcheck Ttotal Status Flags
r-devel-linux-x86_64-debian-clang 0.9.5 8.75 55.26 64.01 OK
r-devel-linux-x86_64-debian-gcc 0.9.5 7.63 44.39 52.02 OK
r-devel-linux-x86_64-fedora-clang 0.9.5 70.66 NOTE
r-devel-linux-x86_64-fedora-gcc 0.9.5 71.49 NOTE
r-devel-windows-ix86+x86_64 0.9.5 19.00 136.00 155.00 OK
r-devel-windows-ix86+x86_64-gcc8 0.9.5 26.00 149.00 175.00 OK
r-patched-linux-x86_64 0.9.5 7.98 50.42 58.40 OK
r-patched-solaris-x86 0.9.5 108.80 OK
r-release-linux-x86_64 0.9.5 7.88 50.12 58.00 OK
r-release-windows-ix86+x86_64 0.9.5 21.00 94.00 115.00 OK
r-release-osx-x86_64 0.9.5 WARN
r-oldrel-windows-ix86+x86_64 0.9.5 13.00 140.00 153.00 OK
r-oldrel-osx-x86_64 0.9.5 OK

Check Details

Version: 0.9.5
Check: compiled code
Result: NOTE
    File ‘kmlShape/libs/kmlShape.so’:
     Found no calls to: ‘R_registerRoutines’, ‘R_useDynamicSymbols’
    
    It is good practice to register native routines and to disable symbol
    search.
    
    See ‘Writing portable packages’ in the ‘Writing R Extensions’ manual.
Flavors: r-devel-linux-x86_64-fedora-clang, r-devel-linux-x86_64-fedora-gcc

Version: 0.9.5
Check: whether package can be installed
Result: WARN
    Found the following significant warnings:
     Warning: 'rgl_init' failed, running with rgl.useNULL = TRUE
Flavor: r-release-osx-x86_64