CRAN Package Check Results for Package kmlShape

Last updated on 2020-07-08 15:47:59 CEST.

Flavor Version Tinstall Tcheck Ttotal Status Flags
r-devel-linux-x86_64-debian-clang 0.9.5 10.79 60.31 71.10 OK
r-devel-linux-x86_64-debian-gcc 0.9.5 7.51 46.69 54.20 OK
r-devel-linux-x86_64-fedora-clang 0.9.5 89.92 NOTE
r-devel-linux-x86_64-fedora-gcc 0.9.5 82.38 NOTE
r-devel-windows-ix86+x86_64 0.9.5 22.00 110.00 132.00 OK
r-patched-linux-x86_64 0.9.5 7.21 59.12 66.33 OK
r-patched-solaris-x86 0.9.5 121.50 OK
r-release-linux-x86_64 0.9.5 6.96 59.15 66.11 OK
r-release-osx-x86_64 0.9.5 OK
r-release-windows-ix86+x86_64 0.9.5 22.00 139.00 161.00 OK
r-oldrel-osx-x86_64 0.9.5 WARN
r-oldrel-windows-ix86+x86_64 0.9.5 33.00 144.00 177.00 OK

Check Details

Version: 0.9.5
Check: compiled code
Result: NOTE
    File ‘kmlShape/libs/kmlShape.so’:
     Found no calls to: ‘R_registerRoutines’, ‘R_useDynamicSymbols’
    
    It is good practice to register native routines and to disable symbol
    search.
    
    See ‘Writing portable packages’ in the ‘Writing R Extensions’ manual.
Flavors: r-devel-linux-x86_64-fedora-clang, r-devel-linux-x86_64-fedora-gcc

Version: 0.9.5
Check: whether package can be installed
Result: WARN
    Found the following significant warnings:
     Warning: 'rgl_init' failed, running with rgl.useNULL = TRUE
Flavor: r-oldrel-osx-x86_64