CRAN Package Check Results for Package knitcitations

Last updated on 2020-04-10 03:49:27 CEST.

Flavor Version Tinstall Tcheck Ttotal Status Flags
r-devel-linux-x86_64-debian-clang 1.0.10 3.74 45.48 49.22 OK
r-devel-linux-x86_64-debian-gcc 1.0.10 3.44 34.81 38.25 OK
r-devel-linux-x86_64-fedora-clang 1.0.10 55.31 OK
r-devel-linux-x86_64-fedora-gcc 1.0.10 63.68 OK
r-devel-windows-ix86+x86_64 1.0.10 10.00 54.00 64.00 OK
r-devel-windows-ix86+x86_64-gcc8 1.0.10 12.00 65.00 77.00 OK
r-patched-linux-x86_64 1.0.10 4.00 43.01 47.01 OK
r-patched-osx-x86_64 1.0.10 WARN
r-patched-solaris-x86 1.0.10 84.80 OK
r-release-linux-x86_64 1.0.10 3.36 40.54 43.90 OK
r-release-windows-ix86+x86_64 1.0.10 8.00 83.00 91.00 OK
r-release-osx-x86_64 1.0.10 OK
r-oldrel-windows-ix86+x86_64 1.0.10 8.00 59.00 67.00 OK
r-oldrel-osx-x86_64 1.0.10 OK

Check Details

Version: 1.0.10
Check: re-building of vignette outputs
Result: WARN
    Error(s) in re-building vignettes:
     ...
    --- re-building ‘tutorial.Rmd’ using rmarkdown
    Warning in get_engine(options$engine) :
     Unknown language engine 'eval' (must be registered via knit_engines$set()).
    Writing 5 Bibtex entries ... OK
    Results written to file 'references.bib'
    dyld: lazy symbol binding failed: Symbol not found: ____chkstk_darwin
     Referenced from: /usr/local/bin/pandoc (which was built for Mac OS X 10.15)
     Expected in: /usr/lib/libSystem.B.dylib
    
    dyld: Symbol not found: ____chkstk_darwin
     Referenced from: /usr/local/bin/pandoc (which was built for Mac OS X 10.15)
     Expected in: /usr/lib/libSystem.B.dylib
    
    Error: processing vignette 'tutorial.Rmd' failed with diagnostics:
    pandoc document conversion failed with error 6
    --- failed re-building ‘tutorial.Rmd’
    
    SUMMARY: processing the following file failed:
     ‘tutorial.Rmd’
    
    Error: Vignette re-building failed.
    Execution halted
Flavor: r-patched-osx-x86_64