CRAN Package Check Results for Package knitrProgressBar

Last updated on 2020-02-25 02:48:34 CET.

Flavor Version Tinstall Tcheck Ttotal Status Flags
r-devel-linux-x86_64-debian-clang 1.1.0 3.59 29.11 32.70 NOTE
r-devel-linux-x86_64-debian-gcc 1.1.0 4.05 22.91 26.96 NOTE
r-devel-linux-x86_64-fedora-clang 1.1.0 40.72 NOTE
r-devel-linux-x86_64-fedora-gcc 1.1.0 40.23 NOTE
r-devel-windows-ix86+x86_64 1.1.0 8.00 49.00 57.00 OK
r-devel-windows-ix86+x86_64-gcc8 1.1.0 11.00 72.00 83.00 OK
r-patched-linux-x86_64 1.1.0 3.64 26.15 29.79 OK
r-patched-solaris-x86 1.1.0 58.30 OK
r-release-linux-x86_64 1.1.0 4.27 26.26 30.53 OK
r-release-windows-ix86+x86_64 1.1.0 8.00 50.00 58.00 OK
r-release-osx-x86_64 1.1.0 OK
r-oldrel-windows-ix86+x86_64 1.1.0 7.00 43.00 50.00 OK
r-oldrel-osx-x86_64 1.1.0 OK

Check Details

Version: 1.1.0
Check: for non-standard things in the check directory
Result: NOTE
    Found the following files/directories:
     'Killed after '
Flavors: r-devel-linux-x86_64-debian-clang, r-devel-linux-x86_64-debian-gcc, r-devel-linux-x86_64-fedora-clang, r-devel-linux-x86_64-fedora-gcc