CRAN Package Check Results for Package koRpus

Last updated on 2020-05-27 15:47:17 CEST.

Flavor Version Tinstall Tcheck Ttotal Status Flags
r-devel-linux-x86_64-debian-clang 0.11-5 17.52 108.76 126.28 NOTE
r-devel-linux-x86_64-debian-gcc 0.11-5 15.39 80.56 95.95 NOTE
r-devel-linux-x86_64-fedora-clang 0.11-5 144.90 NOTE
r-devel-linux-x86_64-fedora-gcc 0.11-5 145.76 NOTE
r-devel-windows-ix86+x86_64 0.11-5 36.00 122.00 158.00 NOTE
r-patched-linux-x86_64 0.11-5 17.99 106.99 124.98 NOTE
r-patched-solaris-x86 0.11-5 180.00 NOTE
r-release-linux-x86_64 0.11-5 17.71 107.29 125.00 NOTE
r-release-osx-x86_64 0.11-5 NOTE
r-release-windows-ix86+x86_64 0.11-5 27.00 157.00 184.00 NOTE
r-oldrel-osx-x86_64 0.11-5 NOTE
r-oldrel-windows-ix86+x86_64 0.11-5 32.00 118.00 150.00 NOTE

Check Details

Version: 0.11-5
Check: package dependencies
Result: NOTE
    Packages suggested but not available for checking:
     'koRpus.lang.de', 'koRpus.lang.es', 'koRpus.lang.fr',
     'koRpus.lang.it', 'koRpus.lang.ru'
    
    Package which this enhances but not available for checking: 'rkward'
Flavors: r-devel-linux-x86_64-debian-clang, r-devel-linux-x86_64-debian-gcc, r-devel-linux-x86_64-fedora-clang, r-devel-linux-x86_64-fedora-gcc, r-devel-windows-ix86+x86_64, r-patched-linux-x86_64, r-patched-solaris-x86, r-release-linux-x86_64, r-release-osx-x86_64, r-release-windows-ix86+x86_64, r-oldrel-osx-x86_64, r-oldrel-windows-ix86+x86_64