CRAN Package Check Results for Package koRpus

Last updated on 2019-11-17 02:46:33 CET.

Flavor Version Tinstall Tcheck Ttotal Status Flags
r-devel-linux-x86_64-debian-clang 0.11-5 17.61 101.01 118.62 NOTE
r-devel-linux-x86_64-debian-gcc 0.11-5 15.30 74.46 89.76 NOTE
r-devel-linux-x86_64-fedora-clang 0.11-5 133.18 NOTE
r-devel-linux-x86_64-fedora-gcc 0.11-5 134.54 NOTE
r-devel-windows-ix86+x86_64 0.11-5 35.00 147.00 182.00 NOTE
r-patched-linux-x86_64 0.11-5 15.74 93.98 109.72 NOTE
r-patched-solaris-x86 0.11-5 158.20 NOTE
r-release-linux-x86_64 0.11-5 13.73 97.00 110.73 NOTE
r-release-windows-ix86+x86_64 0.11-5 25.00 153.00 178.00 NOTE
r-release-osx-x86_64 0.11-5 NOTE
r-oldrel-windows-ix86+x86_64 0.11-5 27.00 118.00 145.00 NOTE
r-oldrel-osx-x86_64 0.11-5 NOTE

Check Details

Version: 0.11-5
Check: package dependencies
Result: NOTE
    Packages suggested but not available for checking:
     'koRpus.lang.de', 'koRpus.lang.es', 'koRpus.lang.fr',
     'koRpus.lang.it', 'koRpus.lang.ru'
    
    Package which this enhances but not available for checking: 'rkward'
Flavors: r-devel-linux-x86_64-debian-clang, r-devel-linux-x86_64-debian-gcc, r-devel-linux-x86_64-fedora-clang, r-devel-linux-x86_64-fedora-gcc, r-devel-windows-ix86+x86_64, r-patched-linux-x86_64, r-patched-solaris-x86, r-release-linux-x86_64, r-release-windows-ix86+x86_64, r-release-osx-x86_64

Version: 0.11-5
Check: package dependencies
Result: NOTE
    Packages suggested but not available for checking:
     'koRpus.lang.de' 'koRpus.lang.es' 'koRpus.lang.fr' 'koRpus.lang.it'
     'koRpus.lang.ru'
    
    Package which this enhances but not available for checking: 'rkward'
Flavors: r-oldrel-windows-ix86+x86_64, r-oldrel-osx-x86_64