CRAN Package Check Results for Package kst

Last updated on 2019-09-19 15:48:19 CEST.

Flavor Version Tinstall Tcheck Ttotal Status Flags
r-devel-linux-x86_64-debian-clang 0.5-2 3.25 36.72 39.97 OK
r-devel-linux-x86_64-debian-gcc 0.5-2 2.70 29.69 32.39 OK
r-devel-linux-x86_64-fedora-clang 0.5-2 48.10 OK
r-devel-linux-x86_64-fedora-gcc 0.5-2 46.75 OK
r-devel-windows-ix86+x86_64 0.5-2 11.00 57.00 68.00 OK
r-patched-linux-x86_64 0.5-2 3.03 36.88 39.91 OK
r-patched-solaris-x86 0.5-2 67.90 OK
r-release-linux-x86_64 0.5-2 2.97 37.13 40.10 OK
r-release-windows-ix86+x86_64 0.5-2 6.00 85.00 91.00 OK
r-release-osx-x86_64 0.5-2 NOTE
r-oldrel-windows-ix86+x86_64 0.5-2 5.00 82.00 87.00 OK
r-oldrel-osx-x86_64 0.5-2 OK

Check Details

Version: 0.5-2
Check: package dependencies
Result: NOTE
    Package suggested but not available for checking: ‘Rgraphviz’
Flavor: r-release-osx-x86_64

Version: 0.5-2
Check: re-building of vignette outputs
Result: NOTE
    Error(s) in re-building vignettes:
    --- re-building ‘kst.Rnw’ using Sweave
    Loading required package: proxy
    
    Attaching package: ‘proxy’
    
    The following objects are masked from ‘package:stats’:
    
     as.dist, dist
    
    The following object is masked from ‘package:base’:
    
     as.matrix
    
    Loading required package: relations
    Loading required package: sets
    Loading required namespace: Rgraphviz
    Failed with error: ‘there is no package called ‘Rgraphviz’’
    Loading required namespace: Rgraphviz
    Failed with error: ‘there is no package called ‘Rgraphviz’’
    Loading required namespace: Rgraphviz
    Failed with error: ‘there is no package called ‘Rgraphviz’’
    Loading required namespace: Rgraphviz
    Failed with error: ‘there is no package called ‘Rgraphviz’’
    Error: processing vignette 'kst.Rnw' failed with diagnostics:
    Running 'texi2dvi' on 'kst.tex' failed.
    LaTeX errors:
    !pdfTeX error: pdflatex (file ./kst-012.pdf): PDF inclusion: required page does
     not exist <0>
     ==> Fatal error occurred, no output PDF file produced!
    --- failed re-building ‘kst.Rnw’
    
    SUMMARY: processing the following file failed:
     ‘kst.Rnw’
    
    Error: Vignette re-building failed.
    Execution halted
Flavor: r-release-osx-x86_64