CRAN Package Check Results for Package languageserver

Last updated on 2020-10-01 03:48:40 CEST.

Flavor Version Tinstall Tcheck Ttotal Status Flags
r-devel-linux-x86_64-debian-clang 0.3.7 18.02 44.10 62.12 OK
r-devel-linux-x86_64-debian-gcc 0.3.7 0.46 2.76 3.22 ERROR
r-devel-linux-x86_64-fedora-clang 0.3.7 87.03 NOTE
r-devel-linux-x86_64-fedora-gcc 0.3.7 80.34 NOTE
r-devel-windows-ix86+x86_64 0.3.7 29.00 69.00 98.00 OK
r-patched-linux-x86_64 0.3.7 17.26 42.23 59.49 OK
r-patched-solaris-x86 0.3.7 113.20 ERROR
r-release-linux-x86_64 0.3.7 18.13 42.03 60.16 OK
r-release-macos-x86_64 0.3.7 NOTE
r-release-windows-ix86+x86_64 0.3.7 39.00 78.00 117.00 OK
r-oldrel-macos-x86_64 0.3.7 NOTE
r-oldrel-windows-ix86+x86_64 0.3.7 33.00 67.00 100.00 OK

Check Details

Version: 0.3.7
Check: whether package can be installed
Result: ERROR
    Installation failed.
Flavor: r-devel-linux-x86_64-debian-gcc

Version: 0.3.7
Check: dependencies in R code
Result: NOTE
    Namespaces in Imports field not imported from:
     ‘callr’ ‘collections’ ‘desc’ ‘parallel’ ‘repr’
     All declared Imports should be used.
Flavors: r-devel-linux-x86_64-fedora-clang, r-devel-linux-x86_64-fedora-gcc, r-patched-solaris-x86, r-release-macos-x86_64, r-oldrel-macos-x86_64

Version: 0.3.7
Check: for unstated dependencies in ‘tests’
Result: WARN
    Warning in deparse(e[[2L]]) :
     it is not known that wchar_t is Unicode on this platform
    Warning in deparse(e[[2L]]) :
     it is not known that wchar_t is Unicode on this platform
    Warning in deparse(e[[2L]]) :
     it is not known that wchar_t is Unicode on this platform
    Warning in deparse(e[[2L]]) :
     it is not known that wchar_t is Unicode on this platform
    Warning in deparse(e[[2L]]) :
     it is not known that wchar_t is Unicode on this platform
    Warning in deparse(e[[2L]]) :
     it is not known that wchar_t is Unicode on this platform
    Warning in deparse(e[[2L]]) :
     it is not known that wchar_t is Unicode on this platform
    Warning in deparse(e[[2L]]) :
     it is not known that wchar_t is Unicode on this platform
    Warning in deparse(e[[2L]]) :
     it is not known that wchar_t is Unicode on this platform
    Warning in deparse(e[[2L]]) :
     it is not known that wchar_t is Unicode on this platform
    Warning in deparse(e[[2L]]) :
     it is not known that wchar_t is Unicode on this platform
    Warning in deparse(e[[2L]]) :
     it is not known that wchar_t is Unicode on this platform
    Warning in deparse(e[[2L]]) :
     it is not known that wchar_t is Unicode on this platform
    Warning in deparse(e[[2L]]) :
     it is not known that wchar_t is Unicode on this platform
    Warning in deparse(e[[2L]]) :
     it is not known that wchar_t is Unicode on this platform
    Warning in deparse(e[[2L]]) :
     it is not known that wchar_t is Unicode on this platform
    Warning in deparse(e[[2L]]) :
     it is not known that wchar_t is Unicode on this platform
    Warning in deparse(e[[2L]]) :
     it is not known that wchar_t is Unicode on this platform
    Warning in deparse(e[[2L]]) :
     it is not known that wchar_t is Unicode on this platform
    Warning in deparse(e[[2L]]) :
     it is not known that wchar_t is Unicode on this platform
    Warning in deparse(e[[2L]]) :
     it is not known that wchar_t is Unicode on this platform
    Warning in deparse(e[[2L]]) :
     it is not known that wchar_t is Unicode on this platform
    Warning in deparse(e[[2L]]) :
     it is not known that wchar_t is Unicode on this platform
    Warning in deparse(e[[2L]]) :
     it is not known that wchar_t is Unicode on this platform
    Warning in deparse(e[[2L]]) :
     it is not known that wchar_t is Unicode on this platform
    Warning in deparse(e[[2L]]) :
     it is not known that wchar_t is Unicode on this platform
Flavor: r-patched-solaris-x86

Version: 0.3.7
Check: tests
Result: ERROR
     Running ‘testthat.R’ [16s/12s]
    Running the tests in ‘tests/testthat.R’ failed.
    Complete output:
     > library(testthat)
     > library(languageserver)
     > test_check("languageserver")
     ── 1. Error: Language Server launches ─────────────────────────────────────────
     argument "call" is missing, with no default
     Backtrace:
    
     ══ testthat results ═══════════════════════════════════════════════════════════
     [ OK: 42 | SKIPPED: 60 | WARNINGS: 2 | FAILED: 1 ]
     1. Error: Language Server launches
    
     Error: testthat unit tests failed
     Execution halted
     Error in new_error(message, call. = call) :
     argument "call" is missing, with no default
     Calls: <Anonymous> ... new_not_implemented_error -> add_class -> new_error -> new_cond -> structure
Flavor: r-patched-solaris-x86