CRAN Package Check Results for Package latticeDensity

Last updated on 2020-07-14 03:47:53 CEST.

Flavor Version Tinstall Tcheck Ttotal Status Flags
r-devel-linux-x86_64-debian-clang 1.1.6 16.67 252.05 268.72 OK
r-devel-linux-x86_64-debian-gcc 1.1.6 15.82 187.21 203.03 OK
r-devel-linux-x86_64-fedora-clang 1.1.6 332.01 OK
r-devel-linux-x86_64-fedora-gcc 1.1.6 346.47 OK
r-devel-windows-ix86+x86_64 1.1.6 36.00 334.00 370.00 OK
r-patched-linux-x86_64 1.1.6 16.52 243.03 259.55 OK
r-patched-solaris-x86 1.1.6 575.50 OK
r-release-linux-x86_64 1.1.6 18.76 245.19 263.95 OK
r-release-macos-x86_64 1.1.6 ERROR
r-release-windows-ix86+x86_64 1.1.6 57.00 231.00 288.00 OK
r-oldrel-macos-x86_64 1.1.6 OK
r-oldrel-windows-ix86+x86_64 1.1.6 49.00 291.00 340.00 OK

Check Details

Version: 1.1.6
Check: whether package can be installed
Result: ERROR
    Installation failed.
Flavor: r-release-macos-x86_64