CRAN Package Check Results for Package lazyeval

Last updated on 2020-04-09 03:47:46 CEST.

Flavor Version Tinstall Tcheck Ttotal Status Flags
r-devel-linux-x86_64-debian-clang 0.2.2 3.83 31.40 35.23 OK
r-devel-linux-x86_64-debian-gcc 0.2.2 2.82 24.68 27.50 OK
r-devel-linux-x86_64-fedora-clang 0.2.2 43.28 OK
r-devel-linux-x86_64-fedora-gcc 0.2.2 49.42 OK
r-devel-windows-ix86+x86_64 0.2.2 16.00 90.00 106.00 OK
r-devel-windows-ix86+x86_64-gcc8 0.2.2 15.00 54.00 69.00 OK
r-patched-linux-x86_64 0.2.2 2.31 30.61 32.92 OK
r-patched-solaris-x86 0.2.2 60.90 OK
r-release-linux-x86_64 0.2.2 2.16 29.05 31.21 OK
r-release-windows-ix86+x86_64 0.2.2 13.00 84.00 97.00 OK
r-release-osx-x86_64 0.2.2 ERROR
r-oldrel-windows-ix86+x86_64 0.2.2 21.00 53.00 74.00 OK
r-oldrel-osx-x86_64 0.2.2 OK

Check Details

Version: 0.2.2
Check: tests
Result: ERROR
     Running ‘testthat.R’ [0s/1s]
    Running the tests in ‘tests/testthat.R’ failed.
    Complete output:
     > library(testthat)
     Error: package or namespace load failed for 'testthat' in loadNamespace(i, c(lib.loc, .libPaths()), versionCheck = vI[[i]]):
     there is no package called 'rlang'
     Execution halted
Flavor: r-release-osx-x86_64