CRAN Package Check Results for Package leafpm

Last updated on 2019-12-15 02:48:12 CET.

Flavor Version Tinstall Tcheck Ttotal Status Flags
r-devel-linux-x86_64-debian-clang 0.1.0 2.13 20.95 23.08 OK
r-devel-linux-x86_64-debian-gcc 0.1.0 1.80 16.41 18.21 OK
r-devel-linux-x86_64-fedora-clang 0.1.0 29.45 NOTE
r-devel-linux-x86_64-fedora-gcc 0.1.0 26.18 NOTE
r-devel-windows-ix86+x86_64 0.1.0 7.00 47.00 54.00 OK
r-devel-windows-ix86+x86_64-gcc8 0.1.0 7.00 51.00 58.00 OK
r-patched-linux-x86_64 0.1.0 1.66 19.09 20.75 OK
r-patched-solaris-x86 0.1.0 39.60 NOTE
r-release-linux-x86_64 0.1.0 1.81 19.13 20.94 OK
r-release-windows-ix86+x86_64 0.1.0 4.00 34.00 38.00 OK
r-release-osx-x86_64 0.1.0 NOTE
r-oldrel-windows-ix86+x86_64 0.1.0 3.00 34.00 37.00 OK
r-oldrel-osx-x86_64 0.1.0 NOTE

Check Details

Version: 0.1.0
Check: dependencies in R code
Result: NOTE
    Namespaces in Imports field not imported from:
     ‘dplyr’ ‘htmlwidgets’ ‘jsonlite’ ‘sf’
     All declared Imports should be used.
Flavors: r-devel-linux-x86_64-fedora-clang, r-devel-linux-x86_64-fedora-gcc, r-patched-solaris-x86, r-release-osx-x86_64, r-oldrel-osx-x86_64