CRAN Package Check Results for Package lgr

Last updated on 2020-04-09 15:53:49 CEST.

Flavor Version Tinstall Tcheck Ttotal Status Flags
r-devel-linux-x86_64-debian-clang 0.3.4 25.42 68.75 94.17 OK
r-devel-linux-x86_64-debian-gcc 0.3.4 21.02 55.17 76.19 OK
r-devel-linux-x86_64-fedora-clang 0.3.4 117.65 OK
r-devel-linux-x86_64-fedora-gcc 0.3.4 134.58 OK
r-devel-windows-ix86+x86_64 0.3.4 31.00 0.00 31.00 FAIL
r-devel-windows-ix86+x86_64-gcc8 0.3.4 33.00 91.00 124.00 NOTE
r-patched-linux-x86_64 0.3.4 22.83 67.47 90.30 OK
r-patched-osx-x86_64 0.3.4 OK
r-patched-solaris-x86 0.3.4 156.50 NOTE
r-release-linux-x86_64 0.3.4 21.16 64.43 85.59 OK
r-release-windows-ix86+x86_64 0.3.4 31.00 131.00 162.00 NOTE
r-release-osx-x86_64 0.3.4 OK
r-oldrel-windows-ix86+x86_64 0.3.4 40.00 0.00 40.00 FAIL
r-oldrel-osx-x86_64 0.3.4 OK

Check Details

Version: 0.3.4
Check: package dependencies
Result: NOTE
    Package suggested but not available for checking: 'rsyslog'
Flavors: r-devel-windows-ix86+x86_64, r-devel-windows-ix86+x86_64-gcc8, r-release-windows-ix86+x86_64, r-oldrel-windows-ix86+x86_64

Version: 0.3.4
Check: Rd cross-references
Result: NOTE
    Package unavailable to check Rd xrefs: 'rsyslog'
Flavors: r-devel-windows-ix86+x86_64, r-devel-windows-ix86+x86_64-gcc8, r-release-windows-ix86+x86_64, r-oldrel-windows-ix86+x86_64

Version: 0.3.4
Check: tests
Result: FAIL
    Check process probably crashed or hung up for 20 minutes ... killed
    Most likely this happened in the example checks (?),
    if not, ignore the following last lines of example output:
    + lgr$info("More important than it seems")
    + lgr$fatal("Really not so bad")
    + })
    WARN [13:05:53.118] More important than it seems
    WARN [13:05:53.118] Really not so bad
    > with_log_value(
    + list(msg = "overriden msg"), {
    + lgr$info("bar")
    + lgr$fatal("FOO")
    + })
    INFO [13:05:53.118] overriden msg
    FATAL [13:05:53.134] overriden msg
    >
    >
    >
    > ### * <FOOTER>
    > ###
    > cleanEx()
    > options(digits = 7L)
    > base::cat("Time elapsed: ", proc.time() - base::get("ptime", pos = 'CheckExEnv'),"\n")
    Time elapsed: 2.87 0.09 31.35 NA NA
    > grDevices::dev.off()
    null device
     1
    > ###
    > ### Local variables: ***
    > ### mode: outline-minor ***
    > ### outline-regexp: "\\(> \\)?### [*]+" ***
    > ### End: ***
    > quit('no')
    ======== End of example output (where/before crash/hang up occured ?) ========
Flavor: r-devel-windows-ix86+x86_64

Version: 0.3.4
Check: package dependencies
Result: NOTE
    Package suggested but not available for checking: ‘RPostgres’
Flavor: r-patched-solaris-x86

Version: 0.3.4
Check: tests
Result: FAIL
    Check process probably crashed or hung up for 20 minutes ... killed
    Most likely this happened in the example checks (?),
    if not, ignore the following last lines of example output:
    + lgr$info("More important than it seems")
    + lgr$fatal("Really not so bad")
    + })
    WARN [07:08:24.274] More important than it seems
    WARN [07:08:24.274] Really not so bad
    > with_log_value(
    + list(msg = "overriden msg"), {
    + lgr$info("bar")
    + lgr$fatal("FOO")
    + })
    INFO [07:08:24.274] overriden msg
    FATAL [07:08:24.274] overriden msg
    >
    >
    >
    > ### * <FOOTER>
    > ###
    > cleanEx()
    > options(digits = 7L)
    > base::cat("Time elapsed: ", proc.time() - base::get("ptime", pos = 'CheckExEnv'),"\n")
    Time elapsed: 2.02 0.11 4.06 NA NA
    > grDevices::dev.off()
    null device
     1
    > ###
    > ### Local variables: ***
    > ### mode: outline-minor ***
    > ### outline-regexp: "\\(> \\)?### [*]+" ***
    > ### End: ***
    > quit('no')
    ======== End of example output (where/before crash/hang up occured ?) ========
Flavor: r-oldrel-windows-ix86+x86_64